064
CDUS44 KAMA 211411
CLIDHT


CLIMATE REPORT
NATIONAL WEATHER SERVICE AMARILLO TX
910 AM CDT MON MAY 21 2018


...................................

...THE DALHART CLIMATE SUMMARY FOR MAY 21 2018...
VALID AS OF 0900 AM LOCAL TIME.

CLIMATE NORMAL PERIOD 1981 TO 2010
CLIMATE RECORD PERIOD 1948 TO 2018


WEATHER ITEM   OBSERVED TIME   RECORD YEAR NORMAL DEPARTURE LAST
                VALUE   (LST)  VALUE       VALUE  FROM      YEAR
                                                  NORMAL
..................................................................
TEMPERATURE (F)
 TODAY
  MINIMUM         46    500 AM  35    1967  50     -4       40

PRECIPITATION (IN)
  TODAY            0.00          2.46 1991   0.09  -0.09     0.14
  MONTH TO DATE    T                         1.43  -1.43     1.04
  SINCE MAR 1      0.73                      3.68  -2.95     7.71
  SINCE JAN 1      0.74                      4.60  -3.86     8.79

SNOWFALL (IN)
  TODAY            0.0           T    1993   0.0    0.0      0.0
  MONTH TO DATE    0.0                       0.1   -0.1      0.0
  SINCE MAR 1      0.0                       5.5   -5.5     10.0
  SINCE JUL 1      2.3                      19.0  -16.7     11.3
  SNOW DEPTH       0

..................................................................


WIND (MPH)
  RESULTANT WIND SPEED   4   RESULTANT WIND DIRECTION   S (180)
  HIGHEST WIND SPEED    10   HIGHEST WIND DIRECTION    SW (210)
  HIGHEST GUST SPEED    12   HIGHEST GUST DIRECTION     S (200)
  AVERAGE WIND SPEED     5.2


SKY COVER
  AVERAGE SKY COVER 0.1


WEATHER CONDITIONS
 THE FOLLOWING WEATHER WAS RECORDED TODAY.
  NO SIGNIFICANT WEATHER WAS OBSERVED.


RELATIVE HUMIDITY (PERCENT)
 HIGHEST    93           500 AM
 LOWEST     72          1200 AM
 AVERAGE    83

..........................................................


THE DALHART CLIMATE NORMALS FOR TOMORROW
                         NORMAL    RECORD    YEAR
 MAXIMUM TEMPERATURE (F)   80        99      1996
 MINIMUM TEMPERATURE (F)   51        38      2001


SUNRISE AND SUNSET
MAY 21 2018...........SUNRISE   640 AM CDT   SUNSET   854 PM CDT
MAY 22 2018...........SUNRISE   639 AM CDT   SUNSET   855 PM CDT


-  INDICATES NEGATIVE NUMBERS.
R  INDICATES RECORD WAS SET OR TIED.
MM INDICATES DATA IS MISSING.
T  INDICATES TRACE AMOUNT.




$$
