000
CDUS42 KAKQ 252131
CLIECG


CLIMATE REPORT
NATIONAL WEATHER SERVICE WAKEFIELD, VA
530 PM EDT FRI MAY 25 2018


...................................

...THE ELIZABETH CITY NC CLIMATE SUMMARY FOR MAY 25 2018...
VALID TODAY AS OF 0500 PM LOCAL TIME.

CLIMATE NORMAL PERIOD 1981 TO 2010
CLIMATE RECORD PERIOD 1934 TO 2018


WEATHER ITEM   OBSERVED TIME   RECORD YEAR NORMAL DEPARTURE LAST
                VALUE   (LST)  VALUE       VALUE  FROM      YEAR
                                                  NORMAL
..................................................................
TEMPERATURE (F)
 TODAY
  MAXIMUM         84    357 PM  94    1936  79      5       81
  MINIMUM         58    403 AM  43    2013  60     -2       62
  AVERAGE         71

PRECIPITATION (IN)
  TODAY            0.00          3.15 1966   0.14  -0.14     0.45
  MONTH TO DATE    5.26                      2.81   2.45     5.29
  SINCE MAR 1     13.79                      9.93   3.86    11.60
  SINCE JAN 1     20.43                     16.37   4.06    16.21

SNOWFALL (IN)
  TODAY            0.0
  MONTH TO DATE    0.0
  SINCE NOV 1      6.8
  SINCE JUL 1      6.8
  SNOW DEPTH       0

DEGREE DAYS
 HEATING
  TODAY            0
  MONTH TO DATE    8
  SINCE MAR 1    812
  SINCE JUL 1   3103

 COOLING
  TODAY            6
  MONTH TO DATE  210
  SINCE MAR 1    232
  SINCE JAN 1    261
..................................................................


WIND (MPH)
  RESULTANT WIND SPEED   5   RESULTANT WIND DIRECTION   S (200)
  HIGHEST WIND SPEED    15   HIGHEST WIND DIRECTION    SW (210)
  HIGHEST GUST SPEED    20   HIGHEST GUST DIRECTION    SW (210)


SKY COVER
  POSSIBLE SUNSHINE  MM
  AVERAGE SKY COVER 0.0


WEATHER CONDITIONS
 THE FOLLOWING WEATHER WAS RECORDED TODAY.
  FOG


RELATIVE HUMIDITY (PERCENT)
 HIGHEST   100
 LOWEST     51
 AVERAGE    76

..........................................................


THE ELIZABETH CITY NC CLIMATE NORMALS FOR TOMORROW
                         NORMAL    RECORD    YEAR
 MAXIMUM TEMPERATURE (F)   80        95      1953
 MINIMUM TEMPERATURE (F)   60        42      2013


SUNRISE AND SUNSET
MAY 25 2018...........SUNRISE   552 AM EDT   SUNSET   812 PM EDT
MAY 26 2018...........SUNRISE   551 AM EDT   SUNSET   813 PM EDT


-  INDICATES NEGATIVE NUMBERS.
R  INDICATES RECORD WAS SET OR TIED.
MM INDICATES DATA IS MISSING.
T  INDICATES TRACE AMOUNT.




$$
