410
CDUS45 KLKN 220029
CLIEKO


CLIMATE REPORT
NATIONAL WEATHER SERVICE ELKO NV
529 PM PDT MON MAY 21 2018


...................................

...THE ELKO AIRPORT NV CLIMATE SUMMARY FOR MAY 21 2018...
VALID TODAY AS OF 0500 PM LOCAL TIME.

CLIMATE NORMAL PERIOD 1981 TO 2010
CLIMATE RECORD PERIOD 1888 TO 2018


WEATHER ITEM   OBSERVED TIME   RECORD YEAR NORMAL DEPARTURE LAST
                VALUE   (LST)  VALUE       VALUE  FROM      YEAR
                                                  NORMAL
..................................................................
TEMPERATURE (F)
 TODAY
  MAXIMUM         75   1219 PM  92    1919  71      4       73
  MINIMUM         44    405 AM  21    1945  39      5       42
                                      1931
  AVERAGE         60                        55      5       58

PRECIPITATION (IN)
  TODAY            T             1.73 1971   0.03  -0.03     0.00
  MONTH TO DATE    1.06                      0.65   0.41     0.56
  SINCE OCT 1      6.72                      7.64  -0.92    12.84
  SINCE JAN 1      5.02                      4.58   0.44     7.21

SNOWFALL (IN)
  TODAY            0.0           7.8  1971   0.0    0.0      0.0
  MONTH TO DATE    T                         0.4   -0.4       T
  SINCE MAR 1     14.3                       8.7    5.6      1.9
  SINCE JUL 1     28.2                      41.2  -13.0     53.3
  SNOW DEPTH      MM

DEGREE DAYS
 HEATING
  TODAY            5                        10     -5        7
  MONTH TO DATE  207                       274    -67      232
  SINCE MAR 1   1608                      1677    -69     1455
  SINCE JUL 1   6250                      6845   -595     6191

 COOLING
  TODAY            0                         0      0        0
  MONTH TO DATE    1                         0      1        0
  SINCE MAR 1      1                         0      1        0
  SINCE JAN 1      1                         0      1        0
..................................................................


WIND (MPH)
  HIGHEST WIND SPEED    32   HIGHEST WIND DIRECTION     S (170)
  HIGHEST GUST SPEED    44   HIGHEST GUST DIRECTION     S (160)



WEATHER CONDITIONS
 THE FOLLOWING WEATHER WAS RECORDED TODAY.
  LIGHT RAIN


RELATIVE HUMIDITY (PERCENT)
 HIGHEST    93           200 AM
 LOWEST     26           300 PM
 AVERAGE    60

..........................................................


THE ELKO AIRPORT NV CLIMATE NORMALS FOR TOMORROW
                         NORMAL    RECORD    YEAR
 MAXIMUM TEMPERATURE (F)   71        91      1919
 MINIMUM TEMPERATURE (F)   39        19      1895


SUNRISE AND SUNSET
MAY 21 2018...........SUNRISE   521 AM PDT   SUNSET   759 PM PDT
MAY 22 2018...........SUNRISE   520 AM PDT   SUNSET   800 PM PDT


-  INDICATES NEGATIVE NUMBERS.
R  INDICATES RECORD WAS SET OR TIED.
MM INDICATES DATA IS MISSING.
T  INDICATES TRACE AMOUNT.




$$
