000
CDUS43 KPAH 272129
CLIEVV


CLIMATE REPORT
NATIONAL WEATHER SERVICE PADUCAH KY
426 PM CDT SUN MAY 27 2018

...................................

...THE EVANSVILLE IN CLIMATE SUMMARY FOR MAY 27 2018...
VALID TODAY AS OF 0400 PM LOCAL TIME.

CLIMATE NORMAL PERIOD 1981 TO 2010
CLIMATE RECORD PERIOD 1896 TO 2018

WEATHER ITEM   OBSERVED TIME   RECORD YEAR NORMAL DEPARTURE LAST
                VALUE   (LST)  VALUE       VALUE  FROM      YEAR
                                                  NORMAL
..................................................................
TEMPERATURE (F)
 TODAY
  MAXIMUM         93    259 PM  96    1911  80     13       88
  MINIMUM         70    445 AM  35    1961  58     12       68
  AVERAGE         82                        69     13       78

PRECIPITATION (IN)
  TODAY            0.00          3.49 2008   0.17  -0.17      T
  MONTH TO DATE    1.71                      4.67  -2.96     3.89
  SINCE MAR 1     10.69                     13.28  -2.59    17.63
  SINCE JAN 1     22.90                     19.55   3.35    20.90

SNOWFALL (IN)
  TODAY            0.0                                       0.0
  MONTH TO DATE    0.0                                       0.0
  SINCE JUL 1     12.1                                       1.4
  SNOW DEPTH       0
..................................................................

WIND (MPH)
  HIGHEST WIND SPEED     9   HIGHEST WIND DIRECTION     S (200)
  HIGHEST GUST SPEED    15   HIGHEST GUST DIRECTION    SW (230)
..........................................................

THE EVANSVILLE IN CLIMATE NORMALS FOR TOMORROW
                         NORMAL    RECORD    YEAR
 MAXIMUM TEMPERATURE (F)   81        98      1911
 MINIMUM TEMPERATURE (F)   58        43      1961

SUNRISE AND SUNSET
MAY 27 2018...........SUNRISE   531 AM CDT   SUNSET   804 PM CDT
MAY 28 2018...........SUNRISE   531 AM CDT   SUNSET   804 PM CDT

-  INDICATES NEGATIVE NUMBERS.
R  INDICATES RECORD WAS SET OR TIED.
MM INDICATES DATA IS MISSING.
T  INDICATES TRACE AMOUNT.

$$
