000
CDUS41 KOKX 230619
CLIEWR


CLIMATE REPORT
NATIONAL WEATHER SERVICE NEW YORK NY
219 AM EDT WED MAY 23 2018


...................................

...THE NEWARK NJ CLIMATE SUMMARY FOR MAY 22 2018...

CLIMATE NORMAL PERIOD 1981 TO 2010
CLIMATE RECORD PERIOD 1929 TO 2018


WEATHER ITEM   OBSERVED TIME   RECORD YEAR NORMAL DEPARTURE LAST
                VALUE   (LST)  VALUE       VALUE  FROM      YEAR
                                                  NORMAL
..................................................................
TEMPERATURE (F)
 YESTERDAY
  MAXIMUM         67   1141 AM  98    1992  74     -7       60
  MINIMUM         58   1135 PM  44    2002  55      3       55
                                      1957
  AVERAGE         63                        64     -1       58

PRECIPITATION (IN)
  YESTERDAY        0.19          1.11 1949   0.15   0.04     0.70
  MONTH TO DATE    2.68                      2.81  -0.13     5.73
  SINCE MAR 1     13.01                     11.19   1.82    14.29
  SINCE JAN 1     20.81                     17.61   3.20    21.03

SNOWFALL (IN)
  YESTERDAY        0.0           0.0  2002   0.0    0.0      0.0
                                      2001
  MONTH TO DATE    0.0                       0.0    0.0      0.0
  SINCE OCT 1     39.4                      28.5   10.9     30.0
  SINCE JUL 1     39.4                      28.5   10.9     30.0
  SNOW DEPTH       0

DEGREE DAYS
 HEATING
  YESTERDAY        2                         3     -1        7
  MONTH TO DATE   56                       114    -58      145
  SINCE MAR 1   1280                      1199     81     1182
  SINCE JUL 1   4605                      4834   -229     4191

 COOLING
  YESTERDAY        0                         3     -3        0
  MONTH TO DATE   65                        32     33       53
  SINCE MAR 1     71                        44     27       89
  SINCE JAN 1     74                        44     30       89
..................................................................


WIND (MPH)
  HIGHEST WIND SPEED    10   HIGHEST WIND DIRECTION     W (260)
  HIGHEST GUST SPEED    14   HIGHEST GUST DIRECTION     W (260)
  AVERAGE WIND SPEED     3.6


SKY COVER
  AVERAGE SKY COVER 1.0


WEATHER CONDITIONS
 THE FOLLOWING WEATHER WAS RECORDED YESTERDAY.
  RAIN
  LIGHT RAIN
  FOG


RELATIVE HUMIDITY (PERCENT)
 HIGHEST   100          1000 PM
 LOWEST     56          1100 AM
 AVERAGE    78

..........................................................


THE NEWARK NJ CLIMATE NORMALS FOR TODAY
                         NORMAL    RECORD    YEAR
 MAXIMUM TEMPERATURE (F)   74        96      1964
 MINIMUM TEMPERATURE (F)   55        43      1931


SUNRISE AND SUNSET
MAY 23 2018...........SUNRISE   533 AM EDT   SUNSET   814 PM EDT
MAY 24 2018...........SUNRISE   532 AM EDT   SUNSET   815 PM EDT


-  INDICATES NEGATIVE NUMBERS.
R  INDICATES RECORD WAS SET OR TIED.
MM INDICATES DATA IS MISSING.
T  INDICATES TRACE AMOUNT.




$$
