400
CDUS42 KRAH 220654
CLIFAY


CLIMATE REPORT
NATIONAL WEATHER SERVICE RALEIGH NC
252 AM EDT SUN APR 22 2018


...................................

...THE FAYETTEVILLE REGL AIRPORT NC CLIMATE SUMMARY FOR APRIL 21 2018...

CLIMATE NORMAL PERIOD 1981 TO 2010
CLIMATE RECORD PERIOD 1910 TO 2018


WEATHER ITEM   OBSERVED TIME   RECORD YEAR NORMAL DEPARTURE LAST
                VALUE   (LST)  VALUE       VALUE  FROM      YEAR
                                                  NORMAL
..................................................................
TEMPERATURE (F)
 YESTERDAY
  MAXIMUM         71    508 PM  94    2002  76     -5       91
  MINIMUM         37    609 AM  29    1956  52    -15       68
  AVERAGE         54                        64    -10       80

PRECIPITATION (IN)
  YESTERDAY        0.00          2.73 1918   0.10  -0.10     0.00
  MONTH TO DATE    1.38                      2.14  -0.76     1.11
  SINCE MAR 1      4.25                      5.69  -1.44     3.79
  SINCE JAN 1      8.95                     11.75  -2.80     7.21

DEGREE DAYS
 HEATING
  YESTERDAY       11                         4      7        0
  MONTH TO DATE  146                       113     33       35
  SINCE MAR 1    610                       457    153      384
  SINCE JUL 1   2676                      2682     -6     2006

 COOLING
  YESTERDAY        0                         3     -3       15
  MONTH TO DATE   31                        38     -7       87
  SINCE MAR 1     36                        50    -14      123
  SINCE JAN 1     84                        54     30      138
..................................................................


WIND (MPH)
  HIGHEST WIND SPEED    13   HIGHEST WIND DIRECTION    SE (140)
  HIGHEST GUST SPEED    16   HIGHEST GUST DIRECTION    SE (150)
  AVERAGE WIND SPEED     3.9


SKY COVER
  POSSIBLE SUNSHINE  MM
  AVERAGE SKY COVER 0.0


WEATHER CONDITIONS
 THE FOLLOWING WEATHER WAS RECORDED YESTERDAY.
  NO SIGNIFICANT WEATHER WAS OBSERVED.


RELATIVE HUMIDITY (PERCENT)
 HIGHEST    92           500 AM
 LOWEST     26           200 PM
 AVERAGE    59

..........................................................


THE FAYETTEVILLE REGL AIRPORT NC CLIMATE NORMALS FOR TODAY
                         NORMAL    RECORD    YEAR
 MAXIMUM TEMPERATURE (F)   77        93      1952
 MINIMUM TEMPERATURE (F)   52        33      1953


SUNRISE AND SUNSET
APRIL 22 2018.........SUNRISE   635 AM EDT   SUNSET   754 PM EDT
APRIL 23 2018.........SUNRISE   634 AM EDT   SUNSET   755 PM EDT


-  INDICATES NEGATIVE NUMBERS.
R  INDICATES RECORD WAS SET OR TIED.
MM INDICATES DATA IS MISSING.
T  INDICATES TRACE AMOUNT.

$$
