000
CDUS43 KLMK 250626
CLIFFT


CLIMATE REPORT
NATIONAL WEATHER SERVICE LOUISVILLE KY
226 AM EDT WED APR 25 2018


...................................

...THE FRANKFORT KY CLIMATE SUMMARY FOR APRIL 24 2018...

CLIMATE NORMAL PERIOD 1981 TO 2010
CLIMATE RECORD PERIOD 1895 TO 2018


WEATHER ITEM   OBSERVED TIME   RECORD YEAR NORMAL DEPARTURE LAST
                VALUE   (LST)  VALUE       VALUE  FROM      YEAR
                                                  NORMAL
..................................................................
TEMPERATURE (F)
 YESTERDAY
  MAXIMUM         59    408 PM  89    1925  70    -11       74
  MINIMUM         53    823 AM  28    1986  46      7       56
  AVERAGE         56                        58     -2       65

PRECIPITATION (IN)
  YESTERDAY        0.47          1.52 1970   0.15   0.32     0.00
  MONTH TO DATE    4.23                      2.84   1.39     2.61
  SINCE MAR 1      8.96                      7.22   1.74     7.70
  SINCE JAN 1     19.73                     13.77   5.96    13.80

SNOWFALL (IN)
  YESTERDAY       MM            MM      MM  MM     MM       MM
  MONTH TO DATE   MM                        MM     MM       MM
  SINCE MAR 1     MM                        MM     MM       MM
  SINCE JUL 1     MM                        MM     MM       MM
  SNOW DEPTH      MM

DEGREE DAYS
 HEATING
  YESTERDAY        9                         8      1        0
  MONTH TO DATE  369                       273     96      126
  SINCE MAR 1   1047                       898    149      659
  SINCE JUL 1   4425                      4537   -112     3429

 COOLING
  YESTERDAY        0                         1     -1        0
  MONTH TO DATE   13                        16     -3       43
  SINCE MAR 1     13                        18     -5       49
  SINCE JAN 1     20                        18      2       52
..................................................................


WIND (MPH)
  HIGHEST WIND SPEED    12   HIGHEST WIND DIRECTION    NE (60)
  HIGHEST GUST SPEED    17   HIGHEST GUST DIRECTION     E (70)
  AVERAGE WIND SPEED     4.6


SKY COVER
  POSSIBLE SUNSHINE  MM
  AVERAGE SKY COVER 1.0


WEATHER CONDITIONS
 THE FOLLOWING WEATHER WAS RECORDED YESTERDAY.
  RAIN
  LIGHT RAIN
  FOG


RELATIVE HUMIDITY (PERCENT)
 HIGHEST    93          1100 AM
 LOWEST     80           300 PM
 AVERAGE    87

..........................................................


THE FRANKFORT KY CLIMATE NORMALS FOR TODAY
                         NORMAL    RECORD    YEAR
 MAXIMUM TEMPERATURE (F)   70        89      1948
                                             1915
 MINIMUM TEMPERATURE (F)   46        29      1919


SUNRISE AND SUNSET
APRIL 25 2018.........SUNRISE   650 AM EDT   SUNSET   825 PM EDT
APRIL 26 2018.........SUNRISE   649 AM EDT   SUNSET   826 PM EDT


-  INDICATES NEGATIVE NUMBERS.
R  INDICATES RECORD WAS SET OR TIED.
MM INDICATES DATA IS MISSING.
T  INDICATES TRACE AMOUNT.




$$
