000
CDUS43 KDTX 250537
CLIFNT


CLIMATE REPORT
NATIONAL WEATHER SERVICE DETROIT/PONTIAC MI
137 AM EDT WED APR 25 2018


...................................

...THE FLINT MI CLIMATE SUMMARY FOR APRIL 24 2018...

CLIMATE NORMAL PERIOD 1981 TO 2010
CLIMATE RECORD PERIOD 1921 TO 2018


WEATHER ITEM   OBSERVED TIME   RECORD YEAR NORMAL DEPARTURE LAST
                VALUE   (LST)  VALUE       VALUE  FROM      YEAR
                                                  NORMAL
..................................................................
TEMPERATURE (F)
 YESTERDAY
  MAXIMUM         68   1249 PM  88    1925  61      7       70
  MINIMUM         50   1159 PM  24    2015  38     12       37
  AVERAGE         59                        50      9       54

PRECIPITATION (IN)
  YESTERDAY        0.03          1.16 1976   0.09  -0.06     0.00
  MONTH TO DATE    3.09                      2.31   0.78     3.95
  SINCE MAR 1      4.20                      4.22  -0.02     7.16
  SINCE JAN 1     10.08                      7.33   2.75    12.71

SNOWFALL (IN)
  YESTERDAY        0.0           4.3  2005   0.0    0.0      0.0
  MONTH TO DATE    7.9                       2.1    5.8      1.5
  SINCE MAR 1     19.6                       8.6   11.0      6.9
  SINCE JUL 1     85.3                      47.2   38.1     39.4
  SNOW DEPTH       0

DEGREE DAYS
 HEATING
  YESTERDAY        6                        16    -10       11
  MONTH TO DATE  652                       476    176      348
  SINCE MAR 1   1683                      1433    250     1306
  SINCE JUL 1   6633                      6521    112     5455

 COOLING
  YESTERDAY        0                         0      0        0
  MONTH TO DATE    0                         0      0        1
  SINCE MAR 1      0                         0      0        1
  SINCE JAN 1      0                         0      0        1
..................................................................


WIND (MPH)
  HIGHEST WIND SPEED    16   HIGHEST WIND DIRECTION     E (110)
  HIGHEST GUST SPEED    21   HIGHEST GUST DIRECTION    SE (130)
  AVERAGE WIND SPEED     7.1


SKY COVER
  POSSIBLE SUNSHINE  MM
  AVERAGE SKY COVER 0.9


WEATHER CONDITIONS
 THE FOLLOWING WEATHER WAS RECORDED YESTERDAY.
  LIGHT RAIN


RELATIVE HUMIDITY (PERCENT)
 HIGHEST    89           900 PM
 LOWEST     45           100 PM
 AVERAGE    67

..........................................................


THE FLINT MI CLIMATE NORMALS FOR TODAY
                         NORMAL    RECORD    YEAR
 MAXIMUM TEMPERATURE (F)   61        87      1990
 MINIMUM TEMPERATURE (F)   39        26      1963


SUNRISE AND SUNSET
APRIL 25 2018.........SUNRISE   637 AM EDT   SUNSET   829 PM EDT
APRIL 26 2018.........SUNRISE   636 AM EDT   SUNSET   830 PM EDT


-  INDICATES NEGATIVE NUMBERS.
R  INDICATES RECORD WAS SET OR TIED.
MM INDICATES DATA IS MISSING.
T  INDICATES TRACE AMOUNT.




$$
