000
CDUS46 KSGX 260021
CLIFUL


CLIMATE REPORT
NATIONAL WEATHER SERVICE SAN DIEGO, CA
521 PM PDT WED APR 25 2018


...................................

...THE FULLERTON AIRPORT CA CLIMATE SUMMARY FOR APRIL 25 2018...
VALID TODAY AS OF 0500 PM LOCAL TIME.

CLIMATE NORMAL PERIOD 1981 TO 2010
CLIMATE RECORD PERIOD 1998 TO 2018


WEATHER ITEM   OBSERVED TIME   RECORD YEAR NORMAL DEPARTURE LAST
                VALUE   (LST)  VALUE       VALUE  FROM      YEAR
                                                  NORMAL
..................................................................
TEMPERATURE (F)
 TODAY
  MAXIMUM         77    312 PM  93    2004  74      3       79
  MINIMUM         56   1217 AM  50    2009  54      2       60
  AVERAGE         67                        64      3       70

PRECIPITATION (IN)
  TODAY            0.00          0.20 2014   0.03  -0.03     0.00
  MONTH TO DATE    0.02                      0.74  -0.72     0.03
  SINCE OCT 1      3.07                     13.08 -10.01    16.37
  SINCE JAN 1      2.99                      9.18  -6.19    10.46

DEGREE DAYS
 HEATING
  TODAY            0                         3     -3        0
  MONTH TO DATE   29                        92    -63       15
  SINCE MAR 1    161                       262   -101       72
  SINCE JUL 1    611                      1184   -573      769

 COOLING
  TODAY            2                         2      0        5
  MONTH TO DATE   52                        23     29       63
  SINCE MAR 1     55                        36     19      101
  SINCE JAN 1     92                        45     47      104
..................................................................


WIND (MPH)
  RESULTANT WIND SPEED   1   RESULTANT WIND DIRECTION  SE (150)
  HIGHEST WIND SPEED    10   HIGHEST WIND DIRECTION     S (200)
  HIGHEST GUST SPEED    15   HIGHEST GUST DIRECTION     S (200)
  AVERAGE WIND SPEED     2.6


SKY COVER
  POSSIBLE SUNSHINE  MM
  AVERAGE SKY COVER 0.5


WEATHER CONDITIONS
 THE FOLLOWING WEATHER WAS RECORDED TODAY.
  HAZE


RELATIVE HUMIDITY (PERCENT)
 HIGHEST    86          1200 AM
 LOWEST     39           300 PM
 AVERAGE    63

..........................................................


THE FULLERTON AIRPORT CA CLIMATE NORMALS FOR TOMORROW
                         NORMAL    RECORD    YEAR
 MAXIMUM TEMPERATURE (F)   74       101      2004
 MINIMUM TEMPERATURE (F)   54        49      2009


SUNRISE AND SUNSET
APRIL 25 2018.........SUNRISE   609 AM PDT   SUNSET   731 PM PDT
APRIL 26 2018.........SUNRISE   608 AM PDT   SUNSET   732 PM PDT


-  INDICATES NEGATIVE NUMBERS.
R  INDICATES RECORD WAS SET OR TIED.
MM INDICATES DATA IS MISSING.
T  INDICATES TRACE AMOUNT.




$$
