150
CDUS43 KDDC 242327
CLIGCK


CLIMATE REPORT
NATIONAL WEATHER SERVICE DODGE CITY KS
627 PM CDT THU MAY 24 2018


...................................

...THE GARDEN CITY REGIONAL ARPT KS CLIMATE SUMMARY FOR MAY 24 2018...
VALID TODAY AS OF 0500 PM LOCAL TIME.

CLIMATE NORMAL PERIOD 1981 TO 2010
CLIMATE RECORD PERIOD 1948 TO 2018


WEATHER ITEM   OBSERVED TIME   RECORD YEAR NORMAL DEPARTURE LAST
                VALUE   (LST)  VALUE       VALUE  FROM      YEAR
                                                  NORMAL
..................................................................
TEMPERATURE (F)
 TODAY
  MAXIMUM         90    350 PM 102    1967  79     11       76
  MINIMUM         62    632 AM  35    2017  53      9       35
  AVERAGE         76                        66     10       56

PRECIPITATION (IN)
  TODAY            0.00          1.92 1999   0.10  -0.10     0.00
  MONTH TO DATE    1.30                      2.12  -0.82     0.95
  SINCE MAR 1      2.08                      5.30  -3.22     6.89
  SINCE JAN 1      2.08                      6.18  -4.10     8.18

DEGREE DAYS
 HEATING
  TODAY            0                         3     -3        9
  MONTH TO DATE   23                       116    -93      141
  SINCE MAR 1   1105                      1154    -49      954
  SINCE JUL 1   4989                      5178   -189     4428

 COOLING
  TODAY           11                         3      8        0
  MONTH TO DATE  105                        47     58       40
  SINCE MAR 1    117                        59     58       77
  SINCE JAN 1    117                        59     58       77
..................................................................


WIND (MPH)
  HIGHEST WIND SPEED    29   HIGHEST WIND DIRECTION     S (170)
  HIGHEST GUST SPEED    39   HIGHEST GUST DIRECTION     S (180)
  AVERAGE WIND SPEED    16.1



WEATHER CONDITIONS
 THE FOLLOWING WEATHER WAS RECORDED TODAY.
  NO SIGNIFICANT WEATHER WAS OBSERVED.


RELATIVE HUMIDITY (PERCENT)
 HIGHEST    73           700 AM
 LOWEST     27           300 PM
 AVERAGE    50

..........................................................


THE GARDEN CITY REGIONAL ARPT KS CLIMATE NORMALS FOR TOMORROW
                         NORMAL    RECORD    YEAR
 MAXIMUM TEMPERATURE (F)   79       103      1953
 MINIMUM TEMPERATURE (F)   53        36      2002


SUNRISE AND SUNSET
MAY 24 2018...........SUNRISE   626 AM CDT   SUNSET   854 PM CDT
MAY 25 2018...........SUNRISE   625 AM CDT   SUNSET   855 PM CDT


-  INDICATES NEGATIVE NUMBERS.
R  INDICATES RECORD WAS SET OR TIED.
MM INDICATES DATA IS MISSING.
T  INDICATES TRACE AMOUNT.




$$
