000
CDUS43 KFGF 262158
CLIGFK


CLIMATE REPORT
NATIONAL WEATHER SERVICE EASTERN NORTH DAKOTA/GRAND FORKS
452 PM CDT SAT MAY 26 2018


...................................

...THE GRAND FORKS INTL AP ND CLIMATE SUMMARY FOR MAY 26 2018...
VALID TODAY AS OF 0400 PM LOCAL TIME.

CLIMATE NORMAL PERIOD 1981 TO 2010
CLIMATE RECORD PERIOD 1948 TO 2018


WEATHER ITEM   OBSERVED TIME   RECORD YEAR NORMAL DEPARTURE LAST
                VALUE   (LST)  VALUE       VALUE  FROM      YEAR
                                                  NORMAL
..................................................................
TEMPERATURE (F)
 TODAY
  MAXIMUM         91R   259 PM  89    1980  71     20       71
  MINIMUM         54    524 AM  29    1984  45      9       45
                                      1961
  AVERAGE         73                        58     15       58

PRECIPITATION (IN)
  TODAY            0.00          1.12 2007   0.10  -0.10     0.00
  MONTH TO DATE    1.19                      2.18  -0.99     0.95
  SINCE MAR 1      3.39                      4.15  -0.76     3.14
  SINCE JAN 1      4.32                      5.22  -0.90     3.99

SNOWFALL (IN)
  TODAY            0.0          MM      MM   0.0    0.0      0.0
  MONTH TO DATE    0.0                       0.1   -0.1      0.0
  SINCE MAR 1     16.9                      10.2    6.7      5.8
  SINCE JUL 1     52.4                      47.4    5.0     44.1
  SNOW DEPTH       0

DEGREE DAYS
 HEATING
  TODAY            0                         8     -8        7
  MONTH TO DATE  221                       300    -79      240
  SINCE MAR 1   2423                      2228    195     2018
  SINCE JUL 1   9413                      9378     35     7987

 COOLING
  TODAY            8                         1      7        0
  MONTH TO DATE   44                        11     33        2
  SINCE MAR 1     44                        12     32        2
  SINCE JAN 1     44                        12     32        2
..................................................................


WIND (MPH)
  HIGHEST WIND SPEED    23   HIGHEST WIND DIRECTION    NW (320)
  HIGHEST GUST SPEED    31   HIGHEST GUST DIRECTION    NW (320)
  AVERAGE WIND SPEED    10.6


SKY COVER
  POSSIBLE SUNSHINE  MM
  AVERAGE SKY COVER 0.1


WEATHER CONDITIONS
 THE FOLLOWING WEATHER WAS RECORDED TODAY.
  NO SIGNIFICANT WEATHER WAS OBSERVED.


RELATIVE HUMIDITY (PERCENT)
 HIGHEST    93           500 AM
 LOWEST     28           300 PM
 AVERAGE    61

..........................................................


THE GRAND FORKS INTL AP ND CLIMATE NORMALS FOR TOMORROW
                         NORMAL    RECORD    YEAR
 MAXIMUM TEMPERATURE (F)   71        97      1969
 MINIMUM TEMPERATURE (F)   46        27      2008


SUNRISE AND SUNSET
MAY 26 2018...........SUNRISE   538 AM CDT   SUNSET   914 PM CDT
MAY 27 2018...........SUNRISE   537 AM CDT   SUNSET   915 PM CDT


-  INDICATES NEGATIVE NUMBERS.
R  INDICATES RECORD WAS SET OR TIED.
MM INDICATES DATA IS MISSING.
T  INDICATES TRACE AMOUNT.




$$
