000
CDUS44 KSHV 190758
CLIGGG


CLIMATE REPORT
NATIONAL WEATHER SERVICE SHREVEPORT, LA
257 AM CDT THU APR 19 2018


...................................

...THE LONGVIEW CLIMATE SUMMARY FOR APRIL 18 2018...

CLIMATE NORMAL PERIOD 1981 TO 2010
CLIMATE RECORD PERIOD 1902 TO 2018


WEATHER ITEM   OBSERVED TIME   RECORD YEAR NORMAL DEPARTURE LAST
                VALUE   (LST)  VALUE       VALUE  FROM      YEAR
                                                  NORMAL
..................................................................
TEMPERATURE (F)
 YESTERDAY
  MAXIMUM         81    206 PM  94    2006  77      4       83
  MINIMUM         56   1159 PM  37    2001  54      2       65
  AVERAGE         69                        65      4       74

PRECIPITATION (IN)
  YESTERDAY        0.00          2.65 2016   0.10  -0.10      T
  MONTH TO DATE    2.56                      1.89   0.67     5.06
  SINCE DEC 1     26.21                     18.09   8.12    20.28
  SINCE JAN 1     20.88                     13.60   7.28    15.48

SNOWFALL (IN)
  YESTERDAY        0.0
  MONTH TO DATE    0.0
  SINCE MAR 1      0.0
  SINCE JUL 1      1.5
  SNOW DEPTH       0

DEGREE DAYS
 HEATING
  YESTERDAY        0                         3     -3        0
  MONTH TO DATE  101                        72     29       18
  SINCE MAR 1    247                       327    -80      165
  SINCE JUL 1   2041                      2231   -190     1266

 COOLING
  YESTERDAY        4                         3      1        9
  MONTH TO DATE   36                        42     -6       83
  SINCE MAR 1     98                        69     29      181
  SINCE JAN 1    134                        81     53      252
..................................................................


WIND (MPH)
  HIGHEST WIND SPEED    22   HIGHEST WIND DIRECTION     S (190)
  HIGHEST GUST SPEED    28   HIGHEST GUST DIRECTION     S (180)
  AVERAGE WIND SPEED    10.2


SKY COVER
  POSSIBLE SUNSHINE  MM
  AVERAGE SKY COVER 0.4


WEATHER CONDITIONS
 THE FOLLOWING WEATHER WAS RECORDED YESTERDAY.
  NO SIGNIFICANT WEATHER WAS OBSERVED.


RELATIVE HUMIDITY (PERCENT)
 HIGHEST    93           700 AM
 LOWEST     26           400 PM
 AVERAGE    60

..........................................................


THE LONGVIEW CLIMATE NORMALS FOR TODAY
                         NORMAL    RECORD    YEAR
 MAXIMUM TEMPERATURE (F)   77        93      2011
 MINIMUM TEMPERATURE (F)   54        36      1953


SUNRISE AND SUNSET
APRIL 19 2018.........SUNRISE   645 AM CDT   SUNSET   751 PM CDT
APRIL 20 2018.........SUNRISE   644 AM CDT   SUNSET   752 PM CDT


-  INDICATES NEGATIVE NUMBERS.
R  INDICATES RECORD WAS SET OR TIED.
MM INDICATES DATA IS MISSING.
T  INDICATES TRACE AMOUNT.




$$
