950
CDUS45 KGJT 220727
CLIGJT


CLIMATE REPORT
NATIONAL WEATHER SERVICE GRAND JUNCTION CO
125 AM MDT SUN APR 22 2018


...................................

...THE GRAND JUNCTION CO CLIMATE SUMMARY FOR APRIL 21 2018...

CLIMATE NORMAL PERIOD 1981 TO 2010
CLIMATE RECORD PERIOD 1893 TO 2018


WEATHER ITEM   OBSERVED TIME   RECORD YEAR NORMAL DEPARTURE LAST
                VALUE   (LST)  VALUE       VALUE  FROM      YEAR
                                                  NORMAL
..................................................................
TEMPERATURE (F)
 YESTERDAY
  MAXIMUM         64    416 PM  87    1946  67     -3       60
  MINIMUM         41    456 AM  24    1967  40      1       37
  AVERAGE         53                        53      0       49

PRECIPITATION (IN)
  YESTERDAY        T             0.28 1985   0.03  -0.03     0.02
  MONTH TO DATE    0.69                      0.66   0.03     0.17
  SINCE MAR 1      1.28                      1.58  -0.30     0.56
  SINCE JAN 1      2.76                      2.70   0.06     2.11

SNOWFALL (IN)
  YESTERDAY        0.0           0.4  1970   0.0    0.0      0.0
  MONTH TO DATE    0.0                       0.8   -0.8      0.0
  SINCE MAR 1      0.2                       3.4   -3.2       T
  SINCE JUL 1      9.0                      18.9   -9.9     13.9
  SNOW DEPTH       0

DEGREE DAYS
 HEATING
  YESTERDAY       12                        12      0       16
  MONTH TO DATE  270                       309    -39      237
  SINCE MAR 1    882                       962    -80      677
  SINCE JUL 1   4852                      5341   -489     4324

 COOLING
  YESTERDAY        0                         0      0        0
  MONTH TO DATE    0                         0      0        1
  SINCE MAR 1      0                         0      0        1
  SINCE JAN 1      0                         0      0        1
..................................................................


WIND (MPH)
  HIGHEST WIND SPEED    15   HIGHEST WIND DIRECTION     E (110)
  HIGHEST GUST SPEED    20   HIGHEST GUST DIRECTION    SE (120)
  AVERAGE WIND SPEED     7.4


SKY COVER
  POSSIBLE SUNSHINE  MM
  AVERAGE SKY COVER 0.6


WEATHER CONDITIONS
 THE FOLLOWING WEATHER WAS RECORDED YESTERDAY.
  LIGHT RAIN


RELATIVE HUMIDITY (PERCENT)
 HIGHEST    93           400 AM
 LOWEST     34           400 PM
 AVERAGE    64

..........................................................


THE GRAND JUNCTION CO CLIMATE NORMALS FOR TODAY
                         NORMAL    RECORD    YEAR
 MAXIMUM TEMPERATURE (F)   67        85      2012
                                             1969
 MINIMUM TEMPERATURE (F)   40        26      1978
                                             1920


SUNRISE AND SUNSET
APRIL 22 2018.........SUNRISE   627 AM MDT   SUNSET   758 PM MDT
APRIL 23 2018.........SUNRISE   626 AM MDT   SUNSET   759 PM MDT


-  INDICATES NEGATIVE NUMBERS.
R  INDICATES RECORD WAS SET OR TIED.
MM INDICATES DATA IS MISSING.
T  INDICATES TRACE AMOUNT.




$$
