000
CDUS42 KJAX 262131
CLIGNV


CLIMATE REPORT
NATIONAL WEATHER SERVICE JACKSONVILLE FL
530 PM EDT THU APR 26 2018


...................................

...THE GAINESVILLE CLIMATE SUMMARY FOR APRIL 26 2018...
VALID TODAY AS OF 0500 PM LOCAL TIME.

CLIMATE NORMAL PERIOD 1981 TO 2010
CLIMATE RECORD PERIOD 1890 TO 2018


WEATHER ITEM   OBSERVED TIME   RECORD YEAR NORMAL DEPARTURE LAST
                VALUE   (LST)  VALUE       VALUE  FROM      YEAR
                                                  NORMAL
..................................................................
TEMPERATURE (F)
 TODAY
  MAXIMUM         84    306 PM  93    1908  83      1       83
  MINIMUM         56    542 AM  39    1910  57     -1       52
  AVERAGE         70                        70      0       68

PRECIPITATION (IN)
  TODAY            0.00          1.10 1950   0.08  -0.08     0.00
  MONTH TO DATE    7.49                      2.37   5.12     2.74
  SINCE MAR 1      9.90                      6.70   3.20     3.41
  SINCE JAN 1     15.80                     13.21   2.59     5.25

SNOWFALL (IN)
  TODAY            0.0           0.0    MM   0.0    0.0      0.0
  MONTH TO DATE    0.0                       0.0    0.0      0.0
  SINCE MAR 1      0.0                       0.0    0.0      0.0
  SINCE JUL 1      0.0                       0.0    0.0      0.0
  SNOW DEPTH       0

DEGREE DAYS
 HEATING
  TODAY            0                         1     -1        0
  MONTH TO DATE   17                        41    -24       18
  SINCE MAR 1    201                       178     23      143
  SINCE JUL 1   1104                      1212   -108      646

 COOLING
  TODAY            5                         5      0        3
  MONTH TO DATE  124                        97     27      122
  SINCE MAR 1    175                       151     24      195
  SINCE JAN 1    303                       183    120      279
..................................................................


WIND (MPH)
  HIGHEST WIND SPEED    18   HIGHEST WIND DIRECTION    SW (230)
  HIGHEST GUST SPEED    23   HIGHEST GUST DIRECTION    SW (220)
  AVERAGE WIND SPEED     3.9


SKY COVER
  POSSIBLE SUNSHINE  MM
  AVERAGE SKY COVER 0.2


WEATHER CONDITIONS
 THE FOLLOWING WEATHER WAS RECORDED TODAY.
  FOG


RELATIVE HUMIDITY (PERCENT)
 HIGHEST    93           400 AM
 LOWEST     40           300 PM
 AVERAGE    67

..........................................................


THE GAINESVILLE CLIMATE NORMALS FOR TOMORROW
                         NORMAL    RECORD    YEAR
 MAXIMUM TEMPERATURE (F)   83        96      2011
 MINIMUM TEMPERATURE (F)   57        43      2001


SUNRISE AND SUNSET
APRIL 26 2018.........SUNRISE   651 AM EDT   SUNSET   803 PM EDT
APRIL 27 2018.........SUNRISE   650 AM EDT   SUNSET   803 PM EDT


-  INDICATES NEGATIVE NUMBERS.
R  INDICATES RECORD WAS SET OR TIED.
MM INDICATES DATA IS MISSING.
T  INDICATES TRACE AMOUNT.




$$
