000
CDUS42 KRAH 250749
CLIGSO


CLIMATE REPORT
NATIONAL WEATHER SERVICE RALEIGH NC
348 AM EDT FRI MAY 25 2018


...................................

...THE PIEDMONT TRIAD INTL AIRPORT NC CLIMATE SUMMARY FOR MAY 24 2018...

CLIMATE NORMAL PERIOD 1981 TO 2010
CLIMATE RECORD PERIOD 1903 TO 2018


WEATHER ITEM   OBSERVED TIME   RECORD YEAR NORMAL DEPARTURE LAST
                VALUE   (LST)  VALUE       VALUE  FROM      YEAR
                                                  NORMAL
..................................................................
TEMPERATURE (F)
 YESTERDAY
  MAXIMUM         83    332 PM  93    1915  79      4       70
  MINIMUM         68    625 AM  38    1931  59      9       60
  AVERAGE         76                        69      7       65

PRECIPITATION (IN)
  YESTERDAY        0.00          3.65 1916   0.11  -0.11     0.88
  MONTH TO DATE    2.83                      2.53   0.30     6.52
  SINCE MAR 1     11.58                      9.83   1.75    14.82
  SINCE JAN 1     17.79                     15.85   1.94    20.43

DEGREE DAYS
 HEATING
  YESTERDAY        0                         1     -1        0
  MONTH TO DATE    3                        60    -57       51
  SINCE MAR 1    866                       751    115      603
  SINCE JUL 1   3565                      3606    -41     2773

 COOLING
  YESTERDAY       11                         5      6        0
  MONTH TO DATE  191                        79    112       89
  SINCE MAR 1    204                       117     87      185
  SINCE JAN 1    212                       117     95      189
..................................................................


WIND (MPH)
  HIGHEST WIND SPEED    20   HIGHEST WIND DIRECTION    NE (50)
  HIGHEST GUST SPEED    23   HIGHEST GUST DIRECTION    NE (50)
  AVERAGE WIND SPEED     9.6


SKY COVER
  POSSIBLE SUNSHINE  MM
  AVERAGE SKY COVER 0.7


WEATHER CONDITIONS
 THE FOLLOWING WEATHER WAS RECORDED YESTERDAY.
  NO SIGNIFICANT WEATHER WAS OBSERVED.


RELATIVE HUMIDITY (PERCENT)
 HIGHEST    90          1200 AM
 LOWEST     54           600 PM
 AVERAGE    72

..........................................................


THE PIEDMONT TRIAD INTL AIRPORT NC CLIMATE NORMALS FOR TODAY
                         NORMAL    RECORD    YEAR
 MAXIMUM TEMPERATURE (F)   80        96      1926
 MINIMUM TEMPERATURE (F)   59        43      2013
                                             1956
                                             1935


SUNRISE AND SUNSET
MAY 25 2018...........SUNRISE   607 AM EDT   SUNSET   827 PM EDT
MAY 26 2018...........SUNRISE   607 AM EDT   SUNSET   827 PM EDT


-  INDICATES NEGATIVE NUMBERS.
R  INDICATES RECORD WAS SET OR TIED.
MM INDICATES DATA IS MISSING.
T  INDICATES TRACE AMOUNT.




$$
