778
CDUS45 KTFX 260837
CLIGTF


CLIMATE REPORT
NATIONAL WEATHER SERVICE GREAT FALLS MT
235 AM MDT SAT MAY 26 2018


...................................

...THE GREAT FALLS MT CLIMATE SUMMARY FOR MAY 25 2018...

CLIMATE NORMAL PERIOD 1981 TO 2010
CLIMATE RECORD PERIOD 1886 TO 2018


WEATHER ITEM   OBSERVED TIME   RECORD YEAR NORMAL DEPARTURE LAST
                VALUE   (LST)  VALUE       VALUE  FROM      YEAR
                                                  NORMAL
..................................................................
TEMPERATURE (F)
 YESTERDAY
  MAXIMUM         82    445 PM  94    1928  67     15       61
  MINIMUM         52    308 AM  31    2012  41     11       40
                                      1918
  AVERAGE         67                        54     13       51

PRECIPITATION (IN)
  YESTERDAY        0.03          2.50 1980   0.09  -0.06     0.39
  MONTH TO DATE    2.65                      1.78   0.87     1.99
  SINCE OCT 1      9.74                      7.09   2.65    10.33
  SINCE JAN 1      6.88                      5.09   1.79     7.40

SNOWFALL (IN)
  YESTERDAY        0.0           0.8  1995   0.0    0.0      0.0
  MONTH TO DATE    0.0                       2.4   -2.4      0.0
  SINCE MAR 1     32.6                      22.9    9.7     10.6
  SINCE JUL 1    104.9                      62.9   42.0     48.4
  SNOW DEPTH       0

DEGREE DAYS
 HEATING
  YESTERDAY        0                        11    -11       14
  MONTH TO DATE  208                       357   -149      294
  SINCE MAR 1   2095                      1969    126     1761
  SINCE JUL 1   7984                      7474    510     7459

 COOLING
  YESTERDAY        2                         0      2        0
  MONTH TO DATE    4                         0      4        2
  SINCE MAR 1      4                         1      3        2
  SINCE JAN 1      4                         1      3        2
..................................................................


WIND (MPH)
  HIGHEST WIND SPEED    22   HIGHEST WIND DIRECTION    SW (230)
  HIGHEST GUST SPEED    37   HIGHEST GUST DIRECTION     W (250)
  AVERAGE WIND SPEED     9.5


SKY COVER
  AVERAGE SKY COVER 0.1


WEATHER CONDITIONS
 THE FOLLOWING WEATHER WAS RECORDED YESTERDAY.
  THUNDERSTORM
  RAIN
  LIGHT RAIN


RELATIVE HUMIDITY (PERCENT)
 HIGHEST    77           300 AM
 LOWEST     26           400 PM
 AVERAGE    52

..........................................................


THE GREAT FALLS MT CLIMATE NORMALS FOR TODAY
                         NORMAL    RECORD    YEAR
 MAXIMUM TEMPERATURE (F)   67        94      1936
 MINIMUM TEMPERATURE (F)   42        30      1975
                                             1932
                                             1920


SUNRISE AND SUNSET
MAY 26 2018...........SUNRISE   537 AM MDT   SUNSET   909 PM MDT
MAY 27 2018...........SUNRISE   536 AM MDT   SUNSET   910 PM MDT


-  INDICATES NEGATIVE NUMBERS.
R  INDICATES RECORD WAS SET OR TIED.
MM INDICATES DATA IS MISSING.
T  INDICATES TRACE AMOUNT.




$$
