000
CDUS44 KJAN 210715
CLIGWO


CLIMATE REPORT
NATIONAL WEATHER SERVICE JACKSON MS
213 AM CDT SAT APR 21 2018


...................................

...THE GREENWOOD CLIMATE SUMMARY FOR APRIL 20 2018...

CLIMATE NORMAL PERIOD 1981 TO 2010
CLIMATE RECORD PERIOD 1948 TO 2018


WEATHER ITEM   OBSERVED TIME   RECORD YEAR NORMAL DEPARTURE LAST
                VALUE   (LST)  VALUE       VALUE  FROM      YEAR
                                                  NORMAL
..................................................................
TEMPERATURE (F)
 YESTERDAY
  MAXIMUM         72    439 PM  92    1987  76     -4       85
  MINIMUM         40    552 AM  37    2013  53    -13       64
  AVERAGE         56                        65     -9       75

PRECIPITATION (IN)
  YESTERDAY        0.00          3.46 1995   0.17  -0.17     0.00
  MONTH TO DATE    4.13                      3.45   0.68     3.66
  SINCE MAR 1      9.87                      7.76   2.11     7.63
  SINCE JAN 1     26.47                     16.70   9.77    15.91

SNOWFALL (IN)
  YESTERDAY        0.0

DEGREE DAYS
 HEATING
  YESTERDAY        9                         3      6        0
  MONTH TO DATE  156                       100     56       26
  SINCE MAR 1    427                       416     11      258
  SINCE JUL 1   2481                      2647   -166     1741

 COOLING
  YESTERDAY        0                         3     -3       10
  MONTH TO DATE   20                        42    -22       87
  SINCE MAR 1     44                        63    -19      148
  SINCE JAN 1     83                        68     15      182
..................................................................


WIND (MPH)
  HIGHEST WIND SPEED    21   HIGHEST WIND DIRECTION     E (70)
  HIGHEST GUST SPEED    26   HIGHEST GUST DIRECTION     E (80)
  AVERAGE WIND SPEED     6.8


SKY COVER
  POSSIBLE SUNSHINE  MM
  AVERAGE SKY COVER 0.0


WEATHER CONDITIONS
 THE FOLLOWING WEATHER WAS RECORDED YESTERDAY.
  FOG


RELATIVE HUMIDITY (PERCENT)
 HIGHEST    86          1100 PM
 LOWEST     27           400 PM
 AVERAGE    57

..........................................................


THE GREENWOOD CLIMATE NORMALS FOR TODAY
                         NORMAL    RECORD    YEAR
 MAXIMUM TEMPERATURE (F)   77        94      1987
 MINIMUM TEMPERATURE (F)   53        33      1953


SUNRISE AND SUNSET
APRIL 21 2018.........SUNRISE   623 AM CDT   SUNSET   736 PM CDT
APRIL 22 2018.........SUNRISE   622 AM CDT   SUNSET   736 PM CDT


-  INDICATES NEGATIVE NUMBERS.
R  INDICATES RECORD WAS SET OR TIED.
MM INDICATES DATA IS MISSING.
T  INDICATES TRACE AMOUNT.




$$
