000
CDUS41 KGYX 240815
CLIGYX


CLIMATE REPORT
NATIONAL WEATHER SERVICE GRAY ME
415 AM EDT TUE APR 24 2018


...................................

...THE GRAY ME CLIMATE SUMMARY FOR APRIL 23 2018...

CLIMATE NORMAL PERIOD 1981 TO 2010
CLIMATE RECORD PERIOD 1995 TO 2018


WEATHER ITEM   OBSERVED TIME   RECORD YEAR NORMAL DEPARTURE LAST
                VALUE   (LST)  VALUE       VALUE  FROM      YEAR
                                                  NORMAL
..................................................................
TEMPERATURE (F)
 YESTERDAY
  MAXIMUM         65        MM  MM      MM  57      8       63
  MINIMUM         37        MM  MM      MM  38     -1       35
  AVERAGE         51                        47      4       49

PRECIPITATION (IN)
  YESTERDAY        0.00         MM      MM   0.14  -0.14     0.00
  MONTH TO DATE    3.11                      3.36  -0.25     3.43
  SINCE MAR 1      5.63                      7.53  -1.90     6.25
  SINCE JAN 1     12.80                     14.37  -1.57    12.93

SNOWFALL (IN)
  YESTERDAY        0.0          MM      MM   0.1   -0.1      0.0
  MONTH TO DATE    2.4                       4.5   -2.1     11.0
  SINCE MAR 1     27.0                      24.4    2.6     34.1
  SINCE JUL 1     96.9                      83.5   13.4    123.9
  SNOW DEPTH       0

DEGREE DAYS
 HEATING
  YESTERDAY       14                        18     -4       16
  MONTH TO DATE  615                       510    105      457
  SINCE MAR 1   1601                      1503     98     1620
  SINCE JUL 1   6492                      6661   -169     6314

 COOLING
  YESTERDAY        0                         0      0        0
  MONTH TO DATE    0                         0      0        2
  SINCE MAR 1      0                         0      0        2
  SINCE JAN 1      0                         0      0        2
..................................................................







THE GRAY ME CLIMATE NORMALS FOR TODAY
                         NORMAL
 MAXIMUM TEMPERATURE (F)   57
 MINIMUM TEMPERATURE (F)   38


SUNRISE AND SUNSET
APRIL 24 2018.........SUNRISE   543 AM EDT   SUNSET   736 PM EDT
APRIL 25 2018.........SUNRISE   542 AM EDT   SUNSET   737 PM EDT


-  INDICATES NEGATIVE NUMBERS.
R  INDICATES RECORD WAS SET OR TIED.
MM INDICATES DATA IS MISSING.
T  INDICATES TRACE AMOUNT.




$$
