651
CDUS44 KJAN 260703
CLIHBG


CLIMATE REPORT
NATIONAL WEATHER SERVICE JACKSON MS
202 AM CDT THU APR 26 2018


...................................

...THE HATTIESBURG CLIMATE SUMMARY FOR APRIL 25 2018...

CLIMATE NORMAL PERIOD 1981 TO 2010
CLIMATE RECORD PERIOD 1948 TO 2018


WEATHER ITEM   OBSERVED TIME   RECORD YEAR NORMAL DEPARTURE LAST
                VALUE   (LST)  VALUE       VALUE  FROM      YEAR
                                                  NORMAL
..................................................................
TEMPERATURE (F)
 YESTERDAY
  MAXIMUM         80    424 PM  92    1999  80      0       82
  MINIMUM         50    528 AM  40    1969  55     -5       50
  AVERAGE         65                        68     -3       66

PRECIPITATION (IN)
  YESTERDAY        0.00          3.20 1953   0.15  -0.15     0.00
  MONTH TO DATE    6.15                      4.30   1.85     4.28
  SINCE MAR 1     10.66                      9.80   0.86     7.42
  SINCE JAN 1     23.09                     20.93   2.16    19.02

SNOWFALL (IN)
  YESTERDAY        0.0

DEGREE DAYS
 HEATING
  YESTERDAY        0                         1     -1        0
  MONTH TO DATE  101                        78     23       33
  SINCE MAR 1    309                       295     14      176
  SINCE JUL 1   1884                      1973    -89     1143

 COOLING
  YESTERDAY        0                         4     -4        1
  MONTH TO DATE   25                        69    -44       96
  SINCE MAR 1     72                       102    -30      184
  SINCE JAN 1    154                       117     37      253
..................................................................


WIND (MPH)
  HIGHEST WIND SPEED    14   HIGHEST WIND DIRECTION    NW (310)
  HIGHEST GUST SPEED    19   HIGHEST GUST DIRECTION    NE (40)
  AVERAGE WIND SPEED     3.3


SKY COVER
  POSSIBLE SUNSHINE  MM
  AVERAGE SKY COVER 0.0


WEATHER CONDITIONS
 THE FOLLOWING WEATHER WAS RECORDED YESTERDAY.
  NO SIGNIFICANT WEATHER WAS OBSERVED.


RELATIVE HUMIDITY (PERCENT)
 HIGHEST   100          1200 AM
 LOWEST     36           400 PM
 AVERAGE    68

..........................................................


THE HATTIESBURG CLIMATE NORMALS FOR TODAY
                         NORMAL    RECORD    YEAR
 MAXIMUM TEMPERATURE (F)   81        88      2016
                                             2015
 MINIMUM TEMPERATURE (F)   56        41      1968


SUNRISE AND SUNSET
APRIL 26 2018.........SUNRISE   617 AM CDT   SUNSET   733 PM CDT
APRIL 27 2018.........SUNRISE   616 AM CDT   SUNSET   734 PM CDT


-  INDICATES NEGATIVE NUMBERS.
R  INDICATES RECORD WAS SET OR TIED.
MM INDICATES DATA IS MISSING.
T  INDICATES TRACE AMOUNT.




$$
