000
CDHW40 PHFO 261245
CLIHNL


CLIMATE REPORT
NATIONAL WEATHER SERVICE HONOLULU HI
245 AM HST THU APR 26 2018


...................................

...THE HONOLULU HI CLIMATE SUMMARY FOR APRIL 25 2018...

CLIMATE NORMAL PERIOD 1981 TO 2010
CLIMATE RECORD PERIOD 1946 TO 2018


WEATHER ITEM   OBSERVED TIME   RECORD YEAR NORMAL DEPARTURE LAST
                VALUE   (LST)  VALUE       VALUE  FROM      YEAR
                                                  NORMAL
..................................................................
TEMPERATURE (F)
 YESTERDAY
  MAXIMUM         84    348 PM  90    1996  83      1       85
  MINIMUM         72    624 AM  64    1979  70      2       72
                                      1976
                                      1974
  AVERAGE         78                        76      2       79

PRECIPITATION (IN)
  YESTERDAY        0.00          0.96 1962   0.02  -0.02     0.00
  MONTH TO DATE    1.16                      0.56   0.60     0.53
  SINCE MAR 1      3.73                      2.58   1.15     3.28
  SINCE JAN 1      7.91                      6.88   1.03    10.61

SNOWFALL (IN)
  YESTERDAY        0.0
  MONTH TO DATE    0.0
  SINCE MAR 1      0.0
  SINCE JUL 1      0.0
  SNOW DEPTH      MM

DEGREE DAYS
 HEATING
  YESTERDAY        0                         0      0        0
  MONTH TO DATE    0                         0      0        0
  SINCE MAR 1      0                         0      0        0
  SINCE JUL 1      0                         0      0        0

 COOLING
  YESTERDAY       13                        11      2       14
  MONTH TO DATE  323                       275     48      342
  SINCE MAR 1    639                       568     71      699
  SINCE JAN 1   1309                      1050    259     1226
..................................................................


WIND (MPH)
  HIGHEST WIND SPEED    25   HIGHEST WIND DIRECTION     E (70)
  HIGHEST GUST SPEED    31   HIGHEST GUST DIRECTION    NE (60)
  AVERAGE WIND SPEED    12.1


SKY COVER
  POSSIBLE SUNSHINE  MM
  AVERAGE SKY COVER  MM


WEATHER CONDITIONS
 THE FOLLOWING WEATHER WAS RECORDED YESTERDAY.
  NO SIGNIFICANT WEATHER WAS OBSERVED.


RELATIVE HUMIDITY (PERCENT)
 HIGHEST    MM
 LOWEST     MM
 AVERAGE    MM

..........................................................


THE HONOLULU HI CLIMATE NORMALS FOR TODAY
                         NORMAL    RECORD    YEAR
 MAXIMUM TEMPERATURE (F)   83        88      1996
 MINIMUM TEMPERATURE (F)   70        60      1979


SUNRISE AND SUNSET
APRIL 26 2018.........SUNRISE   604 AM HST   SUNSET   655 PM HST
APRIL 27 2018.........SUNRISE   603 AM HST   SUNSET   656 PM HST


-  INDICATES NEGATIVE NUMBERS.
R  INDICATES RECORD WAS SET OR TIED.
MM INDICATES DATA IS MISSING.
T  INDICATES TRACE AMOUNT.




$$
