000
CDUS44 KHGX 250719
CLIHOU


CLIMATE REPORT
NATIONAL WEATHER SERVICE
217 AM CDT FRI MAY 25 2018


...................................

...THE HOUSTON/HOBBY AIRPORT CLIMATE SUMMARY FOR MAY 24 2018...

CLIMATE NORMAL PERIOD 1981 TO 2010
CLIMATE RECORD PERIOD 1930 TO 2018


WEATHER ITEM   OBSERVED TIME   RECORD YEAR NORMAL DEPARTURE LAST
                VALUE   (LST)  VALUE       VALUE  FROM      YEAR
                                                  NORMAL
..................................................................
TEMPERATURE (F)
 YESTERDAY
  MAXIMUM         88    128 PM  95    1955  87      1       84
  MINIMUM         72    502 AM  57    1940  71      1       60
  AVERAGE         80                        79      1       72

PRECIPITATION (IN)
  YESTERDAY        0.00          3.50 1936   0.17  -0.17     0.00
  MONTH TO DATE    2.51                      3.51  -1.00     1.72
  SINCE MAR 1      7.15                      9.96  -2.81    12.85
  SINCE JAN 1     14.39                     17.04  -2.65    18.97

DEGREE DAYS
 COOLING
  YESTERDAY       15                        14      1        7
  MONTH TO DATE  327                       272     55      256
  SINCE MAR 1    581                       514     67      645
  SINCE JAN 1    672                       552    120      832
..................................................................


WIND (MPH)
  HIGHEST WIND SPEED    17   HIGHEST WIND DIRECTION    SE (120)
  HIGHEST GUST SPEED    21   HIGHEST GUST DIRECTION    SE (120)




RELATIVE HUMIDITY (PERCENT)
 HIGHEST   100
 LOWEST     61
 AVERAGE    81

..........................................................


THE HOUSTON/HOBBY AIRPORT CLIMATE NORMALS FOR TODAY
                         NORMAL    RECORD    YEAR
 MAXIMUM TEMPERATURE (F)   87        94      2005
 MINIMUM TEMPERATURE (F)   71        57      1931


SUNRISE AND SUNSET
MAY 25 2018...........SUNRISE   623 AM CDT   SUNSET   813 PM CDT
MAY 26 2018...........SUNRISE   623 AM CDT   SUNSET   814 PM CDT


-  INDICATES NEGATIVE NUMBERS.
R  INDICATES RECORD WAS SET OR TIED.
MM INDICATES DATA IS MISSING.
T  INDICATES TRACE AMOUNT.




$$
