000
CDUS46 KSEW 200134
CLIHQM


CLIMATE REPORT
NATIONAL WEATHER SERVICE SEATTLE WA
634 PM PDT THU APR 19 2018


...................................

...THE HOQUIAM WA AIRPORT CLIMATE SUMMARY FOR APRIL 19 2018...
VALID TODAY AS OF 0500 PM LOCAL TIME.

CLIMATE NORMAL PERIOD 1981 TO 2010
CLIMATE RECORD PERIOD 1953 TO 2018


WEATHER ITEM   OBSERVED TIME   RECORD YEAR NORMAL DEPARTURE LAST
                VALUE   (LST)  VALUE       VALUE  FROM      YEAR
                                                  NORMAL
..................................................................
TEMPERATURE (F)
 TODAY
  MAXIMUM         58    243 PM  73    1956  56      2       57
  MINIMUM         35    510 AM  32    1982  42     -7       47
  AVERAGE         47                        49     -2       52

PRECIPITATION (IN)
  TODAY            0.00          2.04 1965   0.16  -0.16     0.28
  MONTH TO DATE    9.46                      3.47   5.99     5.63
  SINCE OCT 1     63.71                     55.66   8.05    75.90
  SINCE JAN 1     32.12                     28.00   4.12    34.36

DEGREE DAYS
 HEATING
  TODAY           18                        16      2       13
  MONTH TO DATE  308                       321    -13      306
  SINCE MAR 1    914                       910      4      909

 COOLING
  TODAY            0                         0      0        0
  MONTH TO DATE    0                         0      0        0
  SINCE MAR 1      0                         0      0        0
  SINCE JAN 1      0                         0      0        0
..................................................................


WIND (MPH)
  RESULTANT WIND SPEED   5   RESULTANT WIND DIRECTION   W (260)
  HIGHEST WIND SPEED    17   HIGHEST WIND DIRECTION     W (260)
  HIGHEST GUST SPEED    22   HIGHEST GUST DIRECTION     W (260)
  AVERAGE WIND SPEED    MM


SKY COVER
  AVERAGE SKY COVER 0.0


WEATHER CONDITIONS
 THE FOLLOWING WEATHER WAS RECORDED TODAY.
  FOG


RELATIVE HUMIDITY (PERCENT)
 HIGHEST    92           200 AM
 LOWEST     57           100 PM
 AVERAGE    75

..........................................................


THE HOQUIAM WA AIRPORT CLIMATE NORMALS FOR TOMORROW
                         NORMAL    RECORD    YEAR
 MAXIMUM TEMPERATURE (F)   56        83      1956
 MINIMUM TEMPERATURE (F)   42        32      2011
                                             1961


SUNRISE AND SUNSET
APRIL 19 2018.........SUNRISE   620 AM PDT   SUNSET   810 PM PDT
APRIL 20 2018.........SUNRISE   619 AM PDT   SUNSET   811 PM PDT


-  INDICATES NEGATIVE NUMBERS.
R  INDICATES RECORD WAS SET OR TIED.
MM INDICATES DATA IS MISSING.
T  INDICATES TRACE AMOUNT.




$$
