000
CDUS44 KBRO 250858
CLIHRL


CLIMATE REPORT
NATIONAL WEATHER SERVICE BROWNSVILLE TX
358 AM CDT WED APR 25 2018


...................................

...THE HARLINGEN CLIMATE SUMMARY FOR APRIL 24 2018...

CLIMATE NORMAL PERIOD 1981 TO 2010
CLIMATE RECORD PERIOD 1912 TO 2018


WEATHER ITEM   OBSERVED TIME   RECORD YEAR NORMAL DEPARTURE LAST
                VALUE   (LST)  VALUE       VALUE  FROM      YEAR
                                                  NORMAL
..................................................................
TEMPERATURE (F)
 YESTERDAY
  MAXIMUM         90    220 PM 106    1955  87      3       86
  MINIMUM         59    406 AM  49    1928  67     -8       55
  AVERAGE         75                        77     -2       71

PRECIPITATION (IN)
  YESTERDAY        0.00          2.20 2001   0.05  -0.05     0.00
  MONTH TO DATE    0.33                      1.35  -1.02     0.87
  SINCE MAR 1      0.46                      2.64  -2.18     3.09
  SINCE JAN 1      3.11                      5.11  -2.00     4.40

SNOWFALL (IN)
  YESTERDAY        0.0
  MONTH TO DATE    0.0
  SINCE MAR 1      0.0
  SINCE JUL 1      1.0
  SNOW DEPTH       0

DEGREE DAYS
 HEATING
  YESTERDAY        0                         0      0        0
  MONTH TO DATE    3                         7     -4        0
  SINCE MAR 1      4                        53    -49        4
  SINCE JUL 1    644                       621     23      234

 COOLING
  YESTERDAY       10                        12     -2        6
  MONTH TO DATE  212                       243    -31      275
  SINCE MAR 1    479                       413     66      565
  SINCE JAN 1    685                       538    147      932
..................................................................


WIND (MPH)
  HIGHEST WIND SPEED    23   HIGHEST WIND DIRECTION     E (110)
  HIGHEST GUST SPEED    29   HIGHEST GUST DIRECTION    SE (130)
  AVERAGE WIND SPEED    10.2



WEATHER CONDITIONS
 THE FOLLOWING WEATHER WAS RECORDED YESTERDAY.
  NO SIGNIFICANT WEATHER WAS OBSERVED.


RELATIVE HUMIDITY (PERCENT)
 HIGHEST   100
 LOWEST     24
 AVERAGE    62

..........................................................


THE HARLINGEN CLIMATE NORMALS FOR TODAY
                         NORMAL    RECORD    YEAR
 MAXIMUM TEMPERATURE (F)   87       100      1945
 MINIMUM TEMPERATURE (F)   67        52      1913


SUNRISE AND SUNSET
APRIL 25 2018.........SUNRISE   658 AM CDT   SUNSET   759 PM CDT
APRIL 26 2018.........SUNRISE   657 AM CDT   SUNSET   800 PM CDT


-  INDICATES NEGATIVE NUMBERS.
R  INDICATES RECORD WAS SET OR TIED.
MM INDICATES DATA IS MISSING.
T  INDICATES TRACE AMOUNT.




$$
