367
CDUS43 KGID 190729
CLIHSI


CLIMATE REPORT
NATIONAL WEATHER SERVICE HASTINGS NE
229 AM CDT THU APR 19 2018


...................................

...THE HASTINGS NE CLIMATE SUMMARY FOR APRIL 18 2018...

CLIMATE NORMAL PERIOD 1981 TO 2010
CLIMATE RECORD PERIOD 1894 TO 2018


WEATHER ITEM   OBSERVED TIME   RECORD YEAR NORMAL DEPARTURE LAST
                VALUE   (LST)  VALUE       VALUE  FROM      YEAR
                                                  NORMAL
..................................................................
TEMPERATURE (F)
 YESTERDAY
  MAXIMUM         48    146 PM  92    1994  64    -16       78
                                      1985
  MINIMUM         27   1027 PM  19    1953  39    -12       58
  AVERAGE         38                        52    -14       68

PRECIPITATION (IN)
  YESTERDAY        0.05          1.31 1944   0.09  -0.04     0.00
  MONTH TO DATE    0.67                      1.28  -0.61     0.77
  SINCE MAR 1      1.74                      3.07  -1.33     1.85
  SINCE JAN 1      2.76                      3.97  -1.21     2.95

SNOWFALL (IN)
  YESTERDAY        0.0           5.5  1944   0.0    0.0      0.0
  MONTH TO DATE    6.9                       1.0    5.9      0.0
  SINCE MAR 1      7.2                       6.2    1.0      1.2
  SINCE JUL 1     27.1                      28.6   -1.5     10.3
  SNOW DEPTH       0

DEGREE DAYS
 HEATING
  YESTERDAY       27                        14     13        0
  MONTH TO DATE  497                       295    202      196
  SINCE MAR 1   1264                      1072    192      859
  SINCE JUL 1   5982                      5702    280     4789

 COOLING
  YESTERDAY        0                         0      0        3
  MONTH TO DATE    0                         0      0        8
  SINCE MAR 1      0                         0      0        8
  SINCE JAN 1      0                         0      0        8
..................................................................


WIND (MPH)
  HIGHEST WIND SPEED    33   HIGHEST WIND DIRECTION     N (350)
  HIGHEST GUST SPEED    44   HIGHEST GUST DIRECTION     N (340)
  AVERAGE WIND SPEED    19.6


SKY COVER
  AVERAGE SKY COVER 0.6


WEATHER CONDITIONS
 THE FOLLOWING WEATHER WAS RECORDED YESTERDAY.
  LIGHT RAIN
  FOG


RELATIVE HUMIDITY (PERCENT)
 HIGHEST    92           100 AM
 LOWEST     53           500 PM
 AVERAGE    73

..........................................................


THE HASTINGS NE CLIMATE NORMALS FOR TODAY
                         NORMAL    RECORD    YEAR
 MAXIMUM TEMPERATURE (F)   64        87      1946
                                             1921
 MINIMUM TEMPERATURE (F)   40        23      1953


SUNRISE AND SUNSET
APRIL 19 2018.........SUNRISE   649 AM CDT   SUNSET   817 PM CDT
APRIL 20 2018.........SUNRISE   648 AM CDT   SUNSET   818 PM CDT


-  INDICATES NEGATIVE NUMBERS.
R  INDICATES RECORD WAS SET OR TIED.
MM INDICATES DATA IS MISSING.
T  INDICATES TRACE AMOUNT.




$$
