000
CDUS43 KAPX 210526
CLIHTL


CLIMATE REPORT
NATIONAL WEATHER SERVICE GAYLORD MI
126 AM EDT MON MAY 21 2018


...................................

...THE HOUGHTON LAKE MI CLIMATE SUMMARY FOR MAY 20 2018...

CLIMATE NORMAL PERIOD 1981 TO 2010
CLIMATE RECORD PERIOD 1913 TO 2018


WEATHER ITEM   OBSERVED TIME   RECORD YEAR NORMAL DEPARTURE LAST
                VALUE   (LST)  VALUE       VALUE  FROM      YEAR
                                                  NORMAL
..................................................................
TEMPERATURE (F)
 YESTERDAY
  MAXIMUM         67    611 PM  96    1921  68     -1       61
  MINIMUM         42    613 AM  20    1936  43     -1       34
                                      1924
  AVERAGE         55                        55      0       48

PRECIPITATION (IN)
  YESTERDAY        0.00          2.31 1959   0.10  -0.10     0.01
  MONTH TO DATE    2.46                      1.74   0.72     1.38
  SINCE MAR 1      6.76                      6.06   0.70     9.28
  SINCE JAN 1     10.93                      8.78   2.15    14.76

DEGREE DAYS
 HEATING
  YESTERDAY       10                        10      0       17
  MONTH TO DATE  166                       261    -95      292
  SINCE MAR 1   2200                      2050    150     1911
  SINCE JUL 1   7753                      7922   -169     6761

 COOLING
  YESTERDAY        0                         1     -1        0
  MONTH TO DATE    4                         1      3       13
  SINCE MAR 1      4                         3      1       14
  SINCE JAN 1      4                         3      1       14
..................................................................


WIND (MPH)
  HIGHEST WIND SPEED    15   HIGHEST WIND DIRECTION    NW (300)
  HIGHEST GUST SPEED    18   HIGHEST GUST DIRECTION    NW (310)
  AVERAGE WIND SPEED     7.5




RELATIVE HUMIDITY (PERCENT)
 HIGHEST    93
 LOWEST     48
 AVERAGE    71

..........................................................


THE HOUGHTON LAKE MI CLIMATE NORMALS FOR TODAY
                         NORMAL    RECORD    YEAR
 MAXIMUM TEMPERATURE (F)   68        90      1994
 MINIMUM TEMPERATURE (F)   43        21      1924


SUNRISE AND SUNSET
MAY 21 2018...........SUNRISE   606 AM EDT   SUNSET   906 PM EDT
MAY 22 2018...........SUNRISE   605 AM EDT   SUNSET   907 PM EDT


-  INDICATES NEGATIVE NUMBERS.
R  INDICATES RECORD WAS SET OR TIED.
MM INDICATES DATA IS MISSING.
T  INDICATES TRACE AMOUNT.




$$
