000
CDUS43 KIND 230557
CLIHUF


CLIMATE REPORT
NATIONAL WEATHER SERVICE INDIANAPOLIS IN
156 AM EDT MON APR 23 2018


...................................

...THE TERRE HAUTE IN CLIMATE SUMMARY FOR APRIL 22 2018...

CLIMATE NORMAL PERIOD 1981 TO 2010
CLIMATE RECORD PERIOD 9999 TO 9999


WEATHER ITEM   OBSERVED TIME   NORMAL DEPARTURE LAST
                VALUE   (LST)  VALUE  FROM      YEAR
                                      NORMAL
......................................................
TEMPERATURE (F)
 YESTERDAY
  MAXIMUM         68    342 PM  66      2       58
  MINIMUM         47    447 AM  44      3       42
  AVERAGE         58            55      3       50

PRECIPITATION (IN)
  YESTERDAY        0.00          0.15  -0.15      T
  MONTH TO DATE    4.07          2.48   1.59     2.66
  SINCE MAR 1      9.04          5.85   3.19     6.23
  SINCE JAN 1     14.89         10.14   4.75    10.57

DEGREE DAYS
 HEATING
  YESTERDAY        7            10     -3       15
  MONTH TO DATE  434           295    139      169
  SINCE MAR 1   1209           986    223      740
  SINCE JUL 1   5219          5149     70     4075

 COOLING
  YESTERDAY        0             1     -1        0
  MONTH TO DATE    4             8     -4       19
  SINCE MAR 1      4             9     -5       21
  SINCE JAN 1      4             9     -5       21
......................................................


WIND (MPH)
  HIGHEST WIND SPEED    21   HIGHEST WIND DIRECTION     E (70)
  HIGHEST GUST SPEED    26   HIGHEST GUST DIRECTION     E (90)
  AVERAGE WIND SPEED    11.0


SKY COVER
  AVERAGE SKY COVER 0.2


WEATHER CONDITIONS
 THE FOLLOWING WEATHER WAS RECORDED YESTERDAY.
  NO SIGNIFICANT WEATHER WAS OBSERVED.


RELATIVE HUMIDITY (PERCENT)
 HIGHEST    54           400 AM
 LOWEST     31           600 PM
 AVERAGE    43

..........................................................


THE TERRE HAUTE IN CLIMATE NORMALS FOR TODAY
                         NORMAL
 MAXIMUM TEMPERATURE (F)   67
 MINIMUM TEMPERATURE (F)   45


SUNRISE AND SUNSET
APRIL 23 2018.........SUNRISE   701 AM EDT   SUNSET   835 PM EDT
APRIL 24 2018.........SUNRISE   659 AM EDT   SUNSET   836 PM EDT


-  INDICATES NEGATIVE NUMBERS.
R  INDICATES RECORD WAS SET OR TIED.
MM INDICATES DATA IS MISSING.
T  INDICATES TRACE AMOUNT.




$$
