811
CDUS45 KFGZ 250733
CLIINW


CLIMATE REPORT
NATIONAL WEATHER SERVICE FLAGSTAFF, AZ
1233 AM MST WED APR 25 2018


...................................

...THE WINSLOW AZ AIRPORT CLIMATE SUMMARY FOR APRIL 24 2018...

CLIMATE NORMAL PERIOD 1981 TO 2010
CLIMATE RECORD PERIOD 1915 TO 2018


WEATHER ITEM   OBSERVED TIME   RECORD YEAR NORMAL DEPARTURE LAST
                VALUE   (LST)  VALUE       VALUE  FROM      YEAR
                                                  NORMAL
..................................................................
TEMPERATURE (F)
 YESTERDAY
  MAXIMUM         88    403 PM  89    2012  74     14       80
                                      1996
                                      1949
  MINIMUM         46    450 AM  23    1923  39      7       44
  AVERAGE         67                        57     10       62

PRECIPITATION (IN)
  YESTERDAY        0.00          0.31 2005   0.01  -0.01     0.00
  MONTH TO DATE    0.08                      0.22  -0.14     0.11
  SINCE SEP 1      0.54                      4.22  -3.68     4.82
  SINCE JAN 1      0.31                      1.74  -1.43     1.74

DEGREE DAYS
 HEATING
  YESTERDAY        0                         8     -8        3
  MONTH TO DATE  191                       282    -91      226
  SINCE JUL 1   3784                      4335   -551     3432

 COOLING
  YESTERDAY        2                         0      2        0
  MONTH TO DATE    9                         0      9        0
  SINCE JAN 1      9                         0      9        0
..................................................................


WIND (MPH)
  HIGHEST WIND SPEED    26   HIGHEST WIND DIRECTION    NW (310)
  HIGHEST GUST SPEED    33   HIGHEST GUST DIRECTION    NW (300)
  AVERAGE WIND SPEED     7.9


SKY COVER
  POSSIBLE SUNSHINE  MM
  AVERAGE SKY COVER 0.0


WEATHER CONDITIONS
 THE FOLLOWING WEATHER WAS RECORDED YESTERDAY.
  HAZE


RELATIVE HUMIDITY (PERCENT)
 HIGHEST    31           500 AM
 LOWEST      6           400 PM
 AVERAGE    19

..........................................................


THE WINSLOW AZ AIRPORT CLIMATE NORMALS FOR TODAY
                         NORMAL    RECORD    YEAR
 MAXIMUM TEMPERATURE (F)   75        90      1996
 MINIMUM TEMPERATURE (F)   40        21      1921


SUNRISE AND SUNSET
APRIL 25 2018.........SUNRISE   539 AM MST   SUNSET   704 PM MST
APRIL 26 2018.........SUNRISE   537 AM MST   SUNSET   704 PM MST


-  INDICATES NEGATIVE NUMBERS.
R  INDICATES RECORD WAS SET OR TIED.
MM INDICATES DATA IS MISSING.
T  INDICATES TRACE AMOUNT.




$$
