000
CDUS41 KCTP 260615
CLIIPT


CLIMATE REPORT
NATIONAL WEATHER SERVICE STATE COLLEGE PA
215 AM EDT THU APR 26 2018


...................................

...THE WILLIAMSPORT PA CLIMATE SUMMARY FOR APRIL 25 2018...

CLIMATE NORMAL PERIOD 1981 TO 2010
CLIMATE RECORD PERIOD 1895 TO 2018


WEATHER ITEM   OBSERVED TIME   RECORD YEAR NORMAL DEPARTURE LAST
                VALUE   (LST)  VALUE       VALUE  FROM      YEAR
                                                  NORMAL
..................................................................
TEMPERATURE (F)
 YESTERDAY
  MAXIMUM         62    507 PM  93    1925  65     -3       64
  MINIMUM         50    420 AM  26    1956  42      8       52
  AVERAGE         56                        53      3       58

PRECIPITATION (IN)
  YESTERDAY        0.15          2.00 1910   0.10   0.05     0.08
  MONTH TO DATE    3.54                      2.70   0.84     3.60
  SINCE MAR 1      5.67                      5.67   0.00     7.34
  SINCE JAN 1     13.46                     10.71   2.75    12.64

SNOWFALL (IN)
  YESTERDAY        0.0           T    1983   0.0    0.0      0.0
  MONTH TO DATE    5.2                       1.1    4.1       T
  SINCE MAR 1      7.8                       8.0   -0.2     22.6
  SINCE JUL 1     26.8                      36.0   -9.2     41.1
  SNOW DEPTH       0

DEGREE DAYS
 HEATING
  YESTERDAY        9                        12     -3        7
  MONTH TO DATE  512                       403    109      248
  SINCE MAR 1   1373                      1232    141     1106
  SINCE JUL 1   5423                      5699   -276     4742

 COOLING
  YESTERDAY        0                         0      0        0
  MONTH TO DATE    0                         0      0        5
  SINCE MAR 1      0                         0      0        5
  SINCE JAN 1      0                         0      0        5
..................................................................


WIND (MPH)
  HIGHEST WIND SPEED    17   HIGHEST WIND DIRECTION     W (270)
  HIGHEST GUST SPEED    22   HIGHEST GUST DIRECTION     W (270)
  AVERAGE WIND SPEED     3.8


SKY COVER
  POSSIBLE SUNSHINE  MM
  AVERAGE SKY COVER 1.0


WEATHER CONDITIONS
 THE FOLLOWING WEATHER WAS RECORDED YESTERDAY.
  LIGHT RAIN
  FOG


RELATIVE HUMIDITY (PERCENT)
 HIGHEST    96           600 AM
 LOWEST     72           500 PM
 AVERAGE    84

..........................................................


THE WILLIAMSPORT PA CLIMATE NORMALS FOR TODAY
                         NORMAL    RECORD    YEAR
 MAXIMUM TEMPERATURE (F)   65        92      1990
 MINIMUM TEMPERATURE (F)   42        26      1934


SUNRISE AND SUNSET
APRIL 26 2018.........SUNRISE   612 AM EDT   SUNSET   800 PM EDT
APRIL 27 2018.........SUNRISE   611 AM EDT   SUNSET   801 PM EDT


-  INDICATES NEGATIVE NUMBERS.
R  INDICATES RECORD WAS SET OR TIED.
MM INDICATES DATA IS MISSING.
T  INDICATES TRACE AMOUNT.




$$
