000
CDHW43 PHFO 200320
CLIITO


CLIMATE REPORT
NATIONAL WEATHER SERVICE HONOLULU HI
519 PM HST THU APR 19 2018


...................................

...THE HILO HI CLIMATE SUMMARY FOR APRIL 19 2018...
VALID TODAY AS OF 0500 PM LOCAL TIME.

CLIMATE NORMAL PERIOD 1981 TO 2010
CLIMATE RECORD PERIOD 1946 TO 2018


WEATHER ITEM   OBSERVED TIME   RECORD YEAR NORMAL DEPARTURE LAST
                VALUE   (LST)  VALUE       VALUE  FROM      YEAR
                                                  NORMAL
..................................................................
TEMPERATURE (F)
 TODAY
  MAXIMUM         82    209 PM  88    1978  79      3       78
  MINIMUM         68    638 AM  63    1988  66      2       67
                                      1982
                                      1973
  AVERAGE         75                        72      3       73

PRECIPITATION (IN)
  TODAY            0.04          4.15 1974   0.36  -0.32     0.03
  MONTH TO DATE    8.57                      7.77   0.80     4.10
  SINCE MAR 1     19.50                     21.20  -1.70     7.50
  SINCE JAN 1     49.58                     40.02   9.56    25.99

SNOWFALL (IN)
  TODAY            0.0
  MONTH TO DATE    0.0
  SINCE MAR 1      0.0
  SINCE JUL 1      0.0
  SNOW DEPTH      MM

DEGREE DAYS
 HEATING
  TODAY            0                         0      0        0
  MONTH TO DATE    0                         0      0        0
  SINCE MAR 1      0                         0      0        0
  SINCE JUL 1      0                         0      0        0

 COOLING
  TODAY           10                         7      3        8
  MONTH TO DATE  200                       133     67      176
  SINCE MAR 1    486                       344    142      478
  SINCE JAN 1    994                       714    280      887
..................................................................


WIND (MPH)
  HIGHEST WIND SPEED    15   HIGHEST WIND DIRECTION    SE (120)
  HIGHEST GUST SPEED    18   HIGHEST GUST DIRECTION    SE (120)
  AVERAGE WIND SPEED    MM


SKY COVER
  POSSIBLE SUNSHINE  MM
  AVERAGE SKY COVER  MM


WEATHER CONDITIONS
 THE FOLLOWING WEATHER WAS RECORDED TODAY.
  FOG


RELATIVE HUMIDITY (PERCENT)
 HIGHEST    MM
 LOWEST     MM
 AVERAGE    MM

..........................................................


THE HILO HI CLIMATE NORMALS FOR TOMORROW
                         NORMAL    RECORD    YEAR
 MAXIMUM TEMPERATURE (F)   79        89      1978
 MINIMUM TEMPERATURE (F)   66        62      1991
                                             1955


SUNRISE AND SUNSET
APRIL 19 2018.........SUNRISE   559 AM HST   SUNSET   640 PM HST
APRIL 20 2018.........SUNRISE   559 AM HST   SUNSET   640 PM HST


-  INDICATES NEGATIVE NUMBERS.
R  INDICATES RECORD WAS SET OR TIED.
MM INDICATES DATA IS MISSING.
T  INDICATES TRACE AMOUNT.




$$
