000
CDUS43 KSGF 220627
CLIJLN


CLIMATE REPORT
NATIONAL WEATHER SERVICE SPRINGFIELD MO
126 AM CDT SUN APR 22 2018


...................................

...THE JOPLIN MO CLIMATE SUMMARY FOR APRIL 21 2018...

CLIMATE NORMAL PERIOD 1981 TO 2010
CLIMATE RECORD PERIOD 1902 TO 2018


WEATHER ITEM   OBSERVED TIME   RECORD YEAR NORMAL DEPARTURE LAST
                VALUE   (LST)  VALUE       VALUE  FROM      YEAR
                                                  NORMAL
..................................................................
TEMPERATURE (F)
 YESTERDAY
  MAXIMUM         65   1220 PM  90    1963  72     -7       60
  MINIMUM         48    557 AM  30    1966  49     -1       48
                                      1978
  AVERAGE         57                        60     -3       54

PRECIPITATION (IN)
  YESTERDAY        0.32          2.05 2017   0.16   0.16     2.05
  MONTH TO DATE    0.74                      2.86  -2.12     4.91
  SINCE MAR 1      3.04                      6.28  -3.24     7.61
  SINCE JAN 1      8.45                     10.63  -2.18    11.60

DEGREE DAYS
 HEATING
  YESTERDAY        8                         7      1       11
  MONTH TO DATE  349                       193    156       96
  SINCE MAR 1    841                       701    140      476
  SINCE JUL 1   4029                      3955     74     3028

 COOLING
  YESTERDAY        0                         2     -2        0
  MONTH TO DATE   12                        26    -14       44
  SINCE MAR 1     12                        35    -23       61
  SINCE JAN 1     12                        36    -24       71
..................................................................


WIND (MPH)
  HIGHEST WIND SPEED    14   HIGHEST WIND DIRECTION     E (100)
  HIGHEST GUST SPEED    21   HIGHEST GUST DIRECTION    SE (120)
  AVERAGE WIND SPEED     7.6


SKY COVER
  AVERAGE SKY COVER 0.4


WEATHER CONDITIONS
 THE FOLLOWING WEATHER WAS RECORDED YESTERDAY.
  LIGHT RAIN
  FOG


RELATIVE HUMIDITY (PERCENT)
 HIGHEST   100           600 PM
 LOWEST     27          1200 AM
 AVERAGE    64

..........................................................


THE JOPLIN MO CLIMATE NORMALS FOR TODAY
                         NORMAL    RECORD    YEAR
 MAXIMUM TEMPERATURE (F)   72        90      1965
 MINIMUM TEMPERATURE (F)   49        29      1986


SUNRISE AND SUNSET
APRIL 22 2018.........SUNRISE   634 AM CDT   SUNSET   759 PM CDT
APRIL 23 2018.........SUNRISE   633 AM CDT   SUNSET   800 PM CDT


-  INDICATES NEGATIVE NUMBERS.
R  INDICATES RECORD WAS SET OR TIED.
MM INDICATES DATA IS MISSING.
T  INDICATES TRACE AMOUNT.




$$
