000
CDUS43 KBIS 240720
CLIJMS


CLIMATE REPORT
NATIONAL WEATHER SERVICE BISMARCK ND
220 AM CDT THU MAY 24 2018


...................................

...THE JAMESTOWN ND CLIMATE SUMMARY FOR MAY 23 2018...

CLIMATE NORMAL PERIOD 1981 TO 2010
CLIMATE RECORD PERIOD 1891 TO 2018


WEATHER ITEM   OBSERVED TIME   RECORD YEAR NORMAL DEPARTURE LAST
                VALUE   (LST)  VALUE       VALUE  FROM      YEAR
                                                  NORMAL
..................................................................
TEMPERATURE (F)
 YESTERDAY
  MAXIMUM         79    642 PM  93    1928  70      9       60
  MINIMUM         58    307 AM  25    1924  45     13       39
  AVERAGE         69                        58     11       50

PRECIPITATION (IN)
  YESTERDAY        0.04          2.96 2014   0.09  -0.05     0.01
  MONTH TO DATE    2.06                      1.92   0.14     0.69
  SINCE MAR 1      3.04                      3.96  -0.92     2.17
  SINCE JAN 1      3.17                      4.81  -1.64     2.59

DEGREE DAYS
 HEATING
  YESTERDAY        0                         8     -8       15
  MONTH TO DATE  186                       268    -82      239
  SINCE MAR 1   2352                      2103    249     2044
  SINCE JUL 1   9063                      8862    201     8053

 COOLING
  YESTERDAY        4                         1      3        0
  MONTH TO DATE   14                        12      2        0
  SINCE MAR 1     14                        14      0        0
  SINCE JAN 1     14                        14      0        0
..................................................................


WIND (MPH)
  HIGHEST WIND SPEED    23   HIGHEST WIND DIRECTION    SE (140)
  HIGHEST GUST SPEED    29   HIGHEST GUST DIRECTION    SE (150)
  AVERAGE WIND SPEED    12.2


SKY COVER
  POSSIBLE SUNSHINE  MM
  AVERAGE SKY COVER 0.2


WEATHER CONDITIONS
 THE FOLLOWING WEATHER WAS RECORDED YESTERDAY.
  THUNDERSTORM
  LIGHT RAIN
  FOG


RELATIVE HUMIDITY (PERCENT)
 HIGHEST    90           600 AM
 LOWEST     60          1000 AM
 AVERAGE    75

..........................................................


THE JAMESTOWN ND CLIMATE NORMALS FOR TODAY
                         NORMAL    RECORD    YEAR
 MAXIMUM TEMPERATURE (F)   70        91      1967
 MINIMUM TEMPERATURE (F)   46        25      2002
                                             1930


SUNRISE AND SUNSET
MAY 24 2018...........SUNRISE   550 AM CDT   SUNSET   914 PM CDT
MAY 25 2018...........SUNRISE   549 AM CDT   SUNSET   915 PM CDT


-  INDICATES NEGATIVE NUMBERS.
R  INDICATES RECORD WAS SET OR TIED.
MM INDICATES DATA IS MISSING.
T  INDICATES TRACE AMOUNT.




$$
