000
CDUS41 KCTP 232138
CLIJST


CLIMATE REPORT
NATIONAL WEATHER SERVICE STATE COLLEGE PA
538 PM EDT MON APR 23 2018


...................................

...THE JOHNSTOWN CLIMATE SUMMARY FOR APRIL 23 2018...
VALID TODAY AS OF 0500 PM LOCAL TIME.

CLIMATE NORMAL PERIOD 1981 TO 2010
CLIMATE RECORD PERIOD 1892 TO 2018


WEATHER ITEM   OBSERVED TIME   RECORD YEAR NORMAL DEPARTURE LAST
                VALUE   (LST)  VALUE       VALUE  FROM      YEAR
                                                  NORMAL
..................................................................
TEMPERATURE (F)
 TODAY
  MAXIMUM         64    316 PM  92    1985  60      4       63
  MINIMUM         45    601 AM  27    1982  40      5       35
  AVERAGE         55                        50      5       49

PRECIPITATION (IN)
  TODAY            0.00          1.09 1944   0.10  -0.10     0.00
  MONTH TO DATE    2.99                      2.81   0.18     2.59
  SINCE MAR 1      6.17                      6.10   0.07     6.65
  SINCE JAN 1     16.12                     11.33   4.79    12.31

DEGREE DAYS
 HEATING
  TODAY           10                        15     -5       16
  MONTH TO DATE  551                       442    109      280
  SINCE MAR 1   1614                      1355    259     1210
  SINCE JUL 1   6049                      6238   -189     5130

 COOLING
  TODAY            0                         0      0        0
  MONTH TO DATE   12                         0     12        0
  SINCE MAR 1     12                         0     12        0
  SINCE JAN 1     12                         0     12        0
..................................................................


WIND (MPH)
  HIGHEST WIND SPEED    24   HIGHEST WIND DIRECTION     S (160)
  HIGHEST GUST SPEED    30   HIGHEST GUST DIRECTION     S (170)
  AVERAGE WIND SPEED    10.7


SKY COVER
  POSSIBLE SUNSHINE  MM
  AVERAGE SKY COVER 0.0


WEATHER CONDITIONS
 THE FOLLOWING WEATHER WAS RECORDED TODAY.
  NO SIGNIFICANT WEATHER WAS OBSERVED.


RELATIVE HUMIDITY (PERCENT)
 HIGHEST    65           200 AM
 LOWEST     34           200 PM
 AVERAGE    50

..........................................................


THE JOHNSTOWN CLIMATE NORMALS FOR TOMORROW
                         NORMAL    RECORD    YEAR
 MAXIMUM TEMPERATURE (F)   60        93      1925
 MINIMUM TEMPERATURE (F)   41        25      1930


SUNRISE AND SUNSET
APRIL 23 2018.........SUNRISE   625 AM EDT   SUNSET   802 PM EDT
APRIL 24 2018.........SUNRISE   624 AM EDT   SUNSET   804 PM EDT


-  INDICATES NEGATIVE NUMBERS.
R  INDICATES RECORD WAS SET OR TIED.
MM INDICATES DATA IS MISSING.
T  INDICATES TRACE AMOUNT.




$$
