000
CDUS43 KGRR 241328
CLIJXN


CLIMATE REPORT
NATIONAL WEATHER SERVICE GRAND RAPIDS, MI
927 AM EDT THU MAY 24 2018


...................................

...THE JACKSON MI CLIMATE SUMMARY FOR MAY 24 2018...
VALID AS OF 0900 AM LOCAL TIME.

CLIMATE NORMAL PERIOD 1981 TO 2010
CLIMATE RECORD PERIOD 1944 TO 9999


WEATHER ITEM   OBSERVED TIME   NORMAL DEPARTURE LAST
                VALUE   (LST)  VALUE  FROM      YEAR
                                      NORMAL
......................................................
TEMPERATURE (F)
 TODAY
  MAXIMUM         68    759 AM  72     -4       69
  MINIMUM         50    524 AM  49      1       52
  AVERAGE         59            60     -1       61

PRECIPITATION (IN)
  TODAY            0.00          0.11  -0.11     0.41
  MONTH TO DATE    6.34          2.54   3.80     3.87
  SINCE MAR 1     11.29          7.05   4.24    12.69
  SINCE JAN 1     16.35          9.83   6.52    17.63

DEGREE DAYS
 HEATING
  TODAY            6             6      0        4
  MONTH TO DATE   97           221   -124      233
  SINCE MAR 1   1792          1653    139     1503
  SINCE JUL 1   6496          6567    -71     5511

 COOLING
  TODAY            0             2     -2        0
  MONTH TO DATE   22            18      4       25
  SINCE MAR 1     22            24     -2       32
  SINCE JAN 1     22            24     -2       32
......................................................


WIND (MPH)
  RESULTANT WIND SPEED   2   RESULTANT WIND DIRECTION  SW (230)
  HIGHEST WIND SPEED     6   HIGHEST WIND DIRECTION    SW (220)
  HIGHEST GUST SPEED     7   HIGHEST GUST DIRECTION    SW (220)
  AVERAGE WIND SPEED     1.7


SKY COVER
  AVERAGE SKY COVER 0.0


WEATHER CONDITIONS
 THE FOLLOWING WEATHER WAS RECORDED TODAY.
  FOG


RELATIVE HUMIDITY (PERCENT)
 HIGHEST   100           300 AM
 LOWEST     73           800 AM
 AVERAGE    87

..........................................................


THE JACKSON MI CLIMATE NORMALS FOR TOMORROW
                         NORMAL
 MAXIMUM TEMPERATURE (F)   72
 MINIMUM TEMPERATURE (F)   49


SUNRISE AND SUNSET
MAY 24 2018...........SUNRISE   609 AM EDT   SUNSET   901 PM EDT
MAY 25 2018...........SUNRISE   608 AM EDT   SUNSET   902 PM EDT


-  INDICATES NEGATIVE NUMBERS.
R  INDICATES RECORD WAS SET OR TIED.
MM INDICATES DATA IS MISSING.
T  INDICATES TRACE AMOUNT.




$$
