000
CDUS43 KIND 230557
CLILAF


CLIMATE REPORT
NATIONAL WEATHER SERVICE INDIANAPOLIS IN
156 AM EDT MON APR 23 2018


...................................

...THE LAFAYETTE IN CLIMATE SUMMARY FOR APRIL 22 2018...

CLIMATE NORMAL PERIOD 1981 TO 2010
CLIMATE RECORD PERIOD 9999 TO 9999


WEATHER ITEM   OBSERVED TIME   NORMAL DEPARTURE LAST
                VALUE   (LST)  VALUE  FROM      YEAR
                                      NORMAL
......................................................
TEMPERATURE (F)
 YESTERDAY
  MAXIMUM         66    334 PM  65      1       60
  MINIMUM         44    704 AM  43      1       41
  AVERAGE         55            54      1       51

PRECIPITATION (IN)
  YESTERDAY        0.00          0.13  -0.13     0.00
  MONTH TO DATE    2.91          2.52   0.39     2.30
  SINCE MAR 1      5.96          5.19   0.77     5.97
  SINCE JAN 1     12.14          8.81   3.33    10.87

DEGREE DAYS
 HEATING
  YESTERDAY       10            11     -1       14
  MONTH TO DATE  508           326    182      216
  SINCE MAR 1   1387          1077    310      940
  SINCE JUL 1   5813          5411    402     4628

 COOLING
  YESTERDAY        0             1     -1        0
  MONTH TO DATE    2             4     -2        7
  SINCE MAR 1      2             5     -3        8
  SINCE JAN 1      2             5     -3        8
......................................................


WIND (MPH)
  HIGHEST WIND SPEED    22   HIGHEST WIND DIRECTION     E (70)
  HIGHEST GUST SPEED    26   HIGHEST GUST DIRECTION     E (70)
  AVERAGE WIND SPEED    12.2


SKY COVER
  AVERAGE SKY COVER 0.0


WEATHER CONDITIONS
 THE FOLLOWING WEATHER WAS RECORDED YESTERDAY.
  NO SIGNIFICANT WEATHER WAS OBSERVED.


RELATIVE HUMIDITY (PERCENT)
 HIGHEST    53           100 AM
 LOWEST     27           200 PM
 AVERAGE    40

..........................................................


THE LAFAYETTE IN CLIMATE NORMALS FOR TODAY
                         NORMAL
 MAXIMUM TEMPERATURE (F)   66
 MINIMUM TEMPERATURE (F)   43


SUNRISE AND SUNSET
APRIL 23 2018.........SUNRISE   658 AM EDT   SUNSET   835 PM EDT
APRIL 24 2018.........SUNRISE   656 AM EDT   SUNSET   836 PM EDT


-  INDICATES NEGATIVE NUMBERS.
R  INDICATES RECORD WAS SET OR TIED.
MM INDICATES DATA IS MISSING.
T  INDICATES TRACE AMOUNT.




$$
