000
CDUS44 KLUB 260630
CLILBB


CLIMATE REPORT
NATIONAL WEATHER SERVICE LUBBOCK, TX
129 AM CDT THU APR 26 2018


...................................

...THE LUBBOCK CLIMATE SUMMARY FOR APRIL 25 2018...

CLIMATE NORMAL PERIOD 1981 TO 2010
CLIMATE RECORD PERIOD 1911 TO 2018


WEATHER ITEM   OBSERVED TIME   RECORD YEAR NORMAL DEPARTURE LAST
                VALUE   (LST)  VALUE       VALUE  FROM      YEAR
                                                  NORMAL
..................................................................
TEMPERATURE (F)
 YESTERDAY
  MAXIMUM         68    540 PM 104    2012  78    -10       88
  MINIMUM         40    758 AM  35    1947  49     -9       61
                                      1927
                                      1918
  AVERAGE         54                        64    -10       75

PRECIPITATION (IN)
  YESTERDAY        T             1.68 1966   0.06  -0.06     0.00
  MONTH TO DATE    T                         1.12  -1.12     0.81
  SINCE MAR 1      0.87                      2.22  -1.35     1.48
  SINCE JAN 1      1.07                      3.62  -2.55     4.40

SNOWFALL (IN)
  YESTERDAY        0.0                       0.0    0.0      0.0
  MONTH TO DATE    0.0                       0.2   -0.2      0.0
  SINCE MAR 1      0.0                       0.8   -0.8      0.0
  SINCE JUL 1      0.3                       8.2   -7.9      0.2
  SNOW DEPTH       0

DEGREE DAYS
 HEATING
  YESTERDAY       11                         4      7        0
  MONTH TO DATE  197                       165     32      100
  SINCE MAR 1    482                       580    -98      320
  SINCE JUL 1   3003                      3319   -316     2404

 COOLING
  YESTERDAY        0                         2     -2       10
  MONTH TO DATE   37                        35      2       76
  SINCE MAR 1     64                        42     22      122
  SINCE JAN 1     67                        42     25      126
..................................................................


WIND (MPH)
  RESULTANT WIND SPEED  15   RESULTANT WIND DIRECTION   N (20)
  HIGHEST WIND SPEED    32   HIGHEST WIND DIRECTION     N (10)
  HIGHEST GUST SPEED    40   HIGHEST GUST DIRECTION     N (20)
  AVERAGE WIND SPEED    16.5


SKY COVER
  AVERAGE SKY COVER 0.6


WEATHER CONDITIONS
 THE FOLLOWING WEATHER WAS RECORDED YESTERDAY.
  LIGHT RAIN
  FOG
  HAZE


RELATIVE HUMIDITY (PERCENT)
 HIGHEST   100           600 AM
 LOWEST     22           600 PM
 AVERAGE    61

..........................................................


THE LUBBOCK CLIMATE NORMALS FOR TODAY
                         NORMAL    RECORD    YEAR
 MAXIMUM TEMPERATURE (F)   78        96      1943
 MINIMUM TEMPERATURE (F)   49        29      1947


SUNRISE AND SUNSET
APRIL 26 2018.........SUNRISE   704 AM CDT   SUNSET   827 PM CDT
APRIL 27 2018.........SUNRISE   703 AM CDT   SUNSET   827 PM CDT


-  INDICATES NEGATIVE NUMBERS.
R  INDICATES RECORD WAS SET OR TIED.
MM INDICATES DATA IS MISSING.
T  INDICATES TRACE AMOUNT.




$$
