527
CDUS43 KLMK 270627
CLILEX


CLIMATE REPORT
NATIONAL WEATHER SERVICE LOUISVILLE KY
227 AM EDT FRI APR 27 2018


...................................

...THE LEXINGTON KY CLIMATE SUMMARY FOR APRIL 26 2018...

CLIMATE NORMAL PERIOD 1981 TO 2010
CLIMATE RECORD PERIOD 1872 TO 2018


WEATHER ITEM   OBSERVED TIME   RECORD YEAR NORMAL DEPARTURE LAST
                VALUE   (LST)  VALUE       VALUE  FROM      YEAR
                                                  NORMAL
..................................................................
TEMPERATURE (F)
 YESTERDAY
  MAXIMUM         67    423 PM  88    1938  69     -2       83
                                      1935
  MINIMUM         46    630 AM  30    1919  48     -2       56
  AVERAGE         57                        58     -1       70

PRECIPITATION (IN)
  YESTERDAY        0.00          2.28 1912   0.13  -0.13     0.00
  MONTH TO DATE    4.34                      3.06   1.28     1.65
  SINCE MAR 1      9.66                      7.13   2.53     4.93
  SINCE JAN 1     21.88                     13.53   8.35    13.03

SNOWFALL (IN)
  YESTERDAY        0.0           0.0    MM   0.0    0.0      0.0
  MONTH TO DATE    1.4                       0.3    1.1      0.0
  SINCE MAR 1     13.6                       1.7   11.9       T
  SINCE JUL 1     21.2                      13.0    8.2      3.4
  SNOW DEPTH       0

DEGREE DAYS
 HEATING
  YESTERDAY        8                         7      1        0
  MONTH TO DATE  377                       285     92      127
  SINCE MAR 1   1052                       890    162      657
  SINCE JUL 1   4364                      4461    -97     3367

 COOLING
  YESTERDAY        0                         1     -1        5
  MONTH TO DATE    8                        17     -9       45
  SINCE MAR 1      8                        19    -11       50
  SINCE JAN 1     15                        19     -4       54
..................................................................


WIND (MPH)
  HIGHEST WIND SPEED     9   HIGHEST WIND DIRECTION     S (180)
  HIGHEST GUST SPEED    14   HIGHEST GUST DIRECTION     S (180)
  AVERAGE WIND SPEED     3.1


SKY COVER
  POSSIBLE SUNSHINE  MM
  AVERAGE SKY COVER 0.2


WEATHER CONDITIONS
 THE FOLLOWING WEATHER WAS RECORDED YESTERDAY.
  NO SIGNIFICANT WEATHER WAS OBSERVED.


RELATIVE HUMIDITY (PERCENT)
 HIGHEST    86          1000 PM
 LOWEST     44           700 PM
 AVERAGE    65

..........................................................


THE LEXINGTON KY CLIMATE NORMALS FOR TODAY
                         NORMAL    RECORD    YEAR
 MAXIMUM TEMPERATURE (F)   69        87      1986
 MINIMUM TEMPERATURE (F)   48        32      1996
                                             1976


SUNRISE AND SUNSET
APRIL 27 2018.........SUNRISE   647 AM EDT   SUNSET   826 PM EDT
APRIL 28 2018.........SUNRISE   646 AM EDT   SUNSET   827 PM EDT


-  INDICATES NEGATIVE NUMBERS.
R  INDICATES RECORD WAS SET OR TIED.
MM INDICATES DATA IS MISSING.
T  INDICATES TRACE AMOUNT.




$$
