000
CDUS46 KLOX 231000
CLILGB


CLIMATE REPORT
NATIONAL WEATHER SERVICE LOS ANGELES/OXNARD CA
300 AM PDT MON APR 23 2018


...................................

...THE LONG BEACH AIRPORT CA CLIMATE SUMMARY FOR APRIL 22 2018...

CLIMATE NORMAL PERIOD 1981 TO 2010
CLIMATE RECORD PERIOD 1958 TO 2018


WEATHER ITEM   OBSERVED TIME   RECORD YEAR NORMAL DEPARTURE LAST
                VALUE   (LST)  VALUE       VALUE  FROM      YEAR
                                                  NORMAL
..................................................................
TEMPERATURE (F)
 YESTERDAY
  MAXIMUM         84    236 PM  93    1987  73     11       87
  MINIMUM         56    522 AM  41    1963  54      2       60
  AVERAGE         70                        63      7       74

PRECIPITATION (IN)
  YESTERDAY        0.00          0.08 1980   0.01  -0.01     0.00
  MONTH TO DATE    0.04                      0.49  -0.45     0.18
  SINCE OCT 1      3.52                     11.63  -8.11    19.58
  SINCE JAN 1      3.45                      8.05  -4.60    14.38

SNOWFALL (IN)
  YESTERDAY        0.0
  MONTH TO DATE    0.0
  SINCE MAR 1      0.0
  SINCE JUL 1      0.0

DEGREE DAYS
 HEATING
  YESTERDAY        0                         3     -3        0
  MONTH TO DATE   26                        85    -59       29
  SINCE MAR 1    153                       264   -111       99
  SINCE JUL 1    577                      1155   -578      877

 COOLING
  YESTERDAY        5                         1      4        9
  MONTH TO DATE   43                        22     21       30
  SINCE MAR 1     44                        32     12       56
  SINCE JAN 1     84                        40     44       57
..................................................................


WIND (MPH)
  HIGHEST WIND SPEED    13   HIGHEST WIND DIRECTION     W (290)
  HIGHEST GUST SPEED    16   HIGHEST GUST DIRECTION     W (290)
  AVERAGE WIND SPEED     5.2


SKY COVER
  POSSIBLE SUNSHINE  MM
  AVERAGE SKY COVER 0.0


WEATHER CONDITIONS
 THE FOLLOWING WEATHER WAS RECORDED YESTERDAY.
  FOG


RELATIVE HUMIDITY (PERCENT)
 HIGHEST    90          1000 PM
 LOWEST     30           300 PM
 AVERAGE    60

..........................................................


THE LONG BEACH AIRPORT CA CLIMATE NORMALS FOR TODAY
                         NORMAL    RECORD    YEAR
 MAXIMUM TEMPERATURE (F)   73        90      1996
 MINIMUM TEMPERATURE (F)   54        44      1967
                                             1961


SUNRISE AND SUNSET
APRIL 23 2018.........SUNRISE   612 AM PDT   SUNSET   730 PM PDT
APRIL 24 2018.........SUNRISE   611 AM PDT   SUNSET   731 PM PDT


-  INDICATES NEGATIVE NUMBERS.
R  INDICATES RECORD WAS SET OR TIED.
MM INDICATES DATA IS MISSING.
T  INDICATES TRACE AMOUNT.




$$
