000
CDUS44 KLZK 262108
CLILIT


CLIMATE REPORT
NATIONAL WEATHER SERVICE LITTLE ROCK AR
407 PM CDT THU APR 26 2018


...................................

...THE LITTLE ROCK ADAMS FIELD CLIMATE SUMMARY FOR APRIL 26 2018...
VALID TODAY AS OF 0400 PM LOCAL TIME.

CLIMATE NORMAL PERIOD 1981 TO 2010
CLIMATE RECORD PERIOD 1874 TO 2018


WEATHER ITEM   OBSERVED TIME   RECORD YEAR NORMAL DEPARTURE LAST
                VALUE   (LST)  VALUE       VALUE  FROM      YEAR
                                                  NORMAL
..................................................................
TEMPERATURE (F)
 TODAY
  MAXIMUM         69    157 PM  90    1987  76     -7       73
  MINIMUM         52    312 AM  33    1910  54     -2       51
  AVERAGE         61                        65     -4       62

PRECIPITATION (IN)
  TODAY            0.28          2.51 1877   0.19   0.09     1.71
  MONTH TO DATE    5.97                      4.44   1.53     4.99
  SINCE MAR 1      9.82                      9.12   0.70     8.86
  SINCE JAN 1     26.08                     16.33   9.75    13.86

SNOWFALL (IN)
  TODAY            0.0          MM      MM   0.0    0.0      0.0
  MONTH TO DATE    T                         0.0    0.0      0.0
  SINCE MAR 1      T                         0.4   -0.4      0.0
  SINCE JUL 1      1.7                       3.5   -1.8      0.2
  SNOW DEPTH       0

DEGREE DAYS
 HEATING
  TODAY            4                         3      1        3
  MONTH TO DATE  258                       137    121       62
  SINCE MAR 1    546                       512     34      342
  SINCE JUL 1   3071                      3025     46     2256

 COOLING
  TODAY            0                         3     -3        0
  MONTH TO DATE   12                        44    -32       60
  SINCE MAR 1     26                        58    -32       81
  SINCE JAN 1     35                        60    -25       93
..................................................................


WIND (MPH)
  HIGHEST WIND SPEED    16   HIGHEST WIND DIRECTION    NW (320)
  HIGHEST GUST SPEED    22   HIGHEST GUST DIRECTION    NW (300)
  AVERAGE WIND SPEED     9.9


SKY COVER
  POSSIBLE SUNSHINE  MM
  AVERAGE SKY COVER 0.9


WEATHER CONDITIONS
 THE FOLLOWING WEATHER WAS RECORDED TODAY.
  HEAVY RAIN
  RAIN
  LIGHT RAIN
  FOG


RELATIVE HUMIDITY (PERCENT)
 HIGHEST   100          1200 AM
 LOWEST     57           200 PM
 AVERAGE    79

..........................................................


THE LITTLE ROCK ADAMS FIELD CLIMATE NORMALS FOR TOMORROW
                         NORMAL    RECORD    YEAR
 MAXIMUM TEMPERATURE (F)   76        93      1987
 MINIMUM TEMPERATURE (F)   55        40      1976


SUNRISE AND SUNSET
APRIL 26 2018.........SUNRISE   624 AM CDT   SUNSET   750 PM CDT
APRIL 27 2018.........SUNRISE   623 AM CDT   SUNSET   751 PM CDT


-  INDICATES NEGATIVE NUMBERS.
R  INDICATES RECORD WAS SET OR TIED.
MM INDICATES DATA IS MISSING.
T  INDICATES TRACE AMOUNT.




$$
