000
CDUS45 KPIH 270729
CLILLJ


CLIMATE REPORT
NATIONAL WEATHER SERVICE POCATELLO ID
129 AM MDT SUN MAY 27 2018


...................................

...THE CHALLIS ID CLIMATE SUMMARY FOR MAY 26 2018...

CLIMATE NORMAL PERIOD 1981 TO 2010
CLIMATE RECORD PERIOD 1898 TO 2018


WEATHER ITEM   OBSERVED TIME   RECORD YEAR NORMAL DEPARTURE LAST
                VALUE   (LST)  VALUE       VALUE  FROM      YEAR
                                                  NORMAL
..................................................................
TEMPERATURE (F)
 YESTERDAY
  MAXIMUM         76   1211 PM  90    1966  69      7       65
  MINIMUM         48    539 AM  26    1920  41      7       43
  AVERAGE         62                        55      7       54

PRECIPITATION (IN)
  YESTERDAY        T             0.49 1987   0.05  -0.05     0.01
  MONTH TO DATE    0.83                      1.19  -0.36     1.18
  SINCE OCT 1      3.75                      5.78  -2.03     7.84
  SINCE JAN 1      2.61                      3.85  -1.24     4.43

SNOWFALL (IN)
  YESTERDAY       MM
  MONTH TO DATE   MM
  SINCE MAR 1     MM
  SINCE JUL 1     MM
  SNOW DEPTH      MM

DEGREE DAYS
 HEATING
  YESTERDAY        3                        10     -7       11
  MONTH TO DATE  179                       357   -178      328
  SINCE MAR 1   1640                      1899   -259     1760
  SINCE JUL 1   6914                      7948  -1034     8205

 COOLING
  YESTERDAY        0                         0      0        0
  MONTH TO DATE    0                         0      0        0
  SINCE MAR 1      0                         0      0        0
  SINCE JAN 1      0                         0      0        0
..................................................................


WIND (MPH)
  HIGHEST WIND SPEED    25   HIGHEST WIND DIRECTION    NW (310)
  HIGHEST GUST SPEED    31   HIGHEST GUST DIRECTION    NW (320)
  AVERAGE WIND SPEED     6.5


SKY COVER
  POSSIBLE SUNSHINE  MM
  AVERAGE SKY COVER 0.2


WEATHER CONDITIONS
 THE FOLLOWING WEATHER WAS RECORDED YESTERDAY.
  THUNDERSTORM


RELATIVE HUMIDITY (PERCENT)
 HIGHEST    77           300 AM
 LOWEST     33          1200 PM
 AVERAGE    55

..........................................................


THE CHALLIS ID CLIMATE NORMALS FOR TODAY
                         NORMAL    RECORD    YEAR
 MAXIMUM TEMPERATURE (F)   69        93      1966
 MINIMUM TEMPERATURE (F)   41        28      1923


SUNRISE AND SUNSET
MAY 27 2018...........SUNRISE   558 AM MDT   SUNSET   910 PM MDT
MAY 28 2018...........SUNRISE   558 AM MDT   SUNSET   911 PM MDT


-  INDICATES NEGATIVE NUMBERS.
R  INDICATES RECORD WAS SET OR TIED.
MM INDICATES DATA IS MISSING.
T  INDICATES TRACE AMOUNT.




$$
