000
CDUS45 KRIW 230755
CLILND


CLIMATE REPORT
NATIONAL WEATHER SERVICE RIVERTON WY
154 AM MDT MON APR 23 2018


...................................

...THE LANDER WY CLIMATE SUMMARY FOR APRIL 22 2018...

CLIMATE NORMAL PERIOD 1981 TO 2010
CLIMATE RECORD PERIOD 1891 TO 2018


WEATHER ITEM   OBSERVED TIME   RECORD YEAR NORMAL DEPARTURE LAST
                VALUE   (LST)  VALUE       VALUE  FROM      YEAR
                                                  NORMAL
..................................................................
TEMPERATURE (F)
 YESTERDAY
  MAXIMUM         71    443 PM  78    1994  58     13       60
                                      1989
                                      1969
  MINIMUM         40    510 AM  11    1892  33      7       35
  AVERAGE         56                        46     10       48

PRECIPITATION (IN)
  YESTERDAY        0.00          1.87 1999   0.06  -0.06     0.00
  MONTH TO DATE    0.28                      1.29  -1.01     1.69
  SINCE MAR 1      1.37                      2.45  -1.08     6.34
  SINCE JAN 1      2.99                      3.44  -0.45     8.72

SNOWFALL (IN)
  YESTERDAY        0.0                       0.5   -0.5      0.0
  MONTH TO DATE    2.4                      12.7  -10.3     10.7
  SINCE MAR 1     10.5                      28.8  -18.3     16.4
  SINCE JUL 1     57.7                      82.4  -24.7     77.4
  SNOW DEPTH       0

DEGREE DAYS
 HEATING
  YESTERDAY        9                        19    -10       17
  MONTH TO DATE  497                       491      6      473
  SINCE MAR 1   1378                      1406    -28     1185
  SINCE JUL 1   6828                      7110   -282     6888

 COOLING
  YESTERDAY        0                         0      0        0
  MONTH TO DATE    0                         0      0        0
  SINCE MAR 1      0                         0      0        0
  SINCE JAN 1      0                         0      0        0
..................................................................


WIND (MPH)
  HIGHEST WIND SPEED    18   HIGHEST WIND DIRECTION     W (250)
  HIGHEST GUST SPEED    21   HIGHEST GUST DIRECTION    SW (230)
  AVERAGE WIND SPEED     5.8


SKY COVER
  POSSIBLE SUNSHINE  MM
  AVERAGE SKY COVER 0.0


WEATHER CONDITIONS
 THE FOLLOWING WEATHER WAS RECORDED YESTERDAY.
  NO SIGNIFICANT WEATHER WAS OBSERVED.


RELATIVE HUMIDITY (PERCENT)
 HIGHEST    55           400 AM
 LOWEST     20           500 PM
 AVERAGE    38

..........................................................


THE LANDER WY CLIMATE NORMALS FOR TODAY
                         NORMAL    RECORD    YEAR
 MAXIMUM TEMPERATURE (F)   59        83      2012
 MINIMUM TEMPERATURE (F)   33         9      2013


SUNRISE AND SUNSET
APRIL 23 2018.........SUNRISE   621 AM MDT   SUNSET   807 PM MDT
APRIL 24 2018.........SUNRISE   619 AM MDT   SUNSET   808 PM MDT


-  INDICATES NEGATIVE NUMBERS.
R  INDICATES RECORD WAS SET OR TIED.
MM INDICATES DATA IS MISSING.
T  INDICATES TRACE AMOUNT.




$$
