000
CDUS44 KCRP 250743
CLILRD

CLIMATE REPORT
NATIONAL WEATHER SERVICE CORPUS CHRISTI TX
243 AM CDT WED APR 25 2018


...THE LAREDO CLIMATE SUMMARY FOR APRIL 24 2018...

CLIMATE NORMAL PERIOD 1981 TO 2010
CLIMATE RECORD PERIOD 1900 TO 2018


WEATHER ITEM   OBSERVED TIME   RECORD YEAR NORMAL DEPARTURE LAST
                VALUE   (LST)  VALUE       VALUE  FROM      YEAR
                                                  NORMAL
..................................................................
TEMPERATURE (F)
 YESTERDAY
  MAXIMUM         94    356 PM 102    1988  89      5       88
  MINIMUM         66    556 AM  51    2013  67     -1       59
  AVERAGE         80                        78      2       74

PRECIPITATION (IN)
  YESTERDAY        0.00          2.25 1949   0.06  -0.06     0.00
  MONTH TO DATE    0.16                      1.05  -0.89     1.48
  SINCE MAR 1      1.81                      2.17  -0.36     3.82
  SINCE JAN 1      2.10                      4.01  -1.91     4.79

SNOWFALL (IN)
  YESTERDAY        0.0
  MONTH TO DATE    0.0
  SINCE MAR 1      0.0
  SINCE JUL 1      1.3

DEGREE DAYS
 HEATING
  YESTERDAY        0                         0      0        0
  MONTH TO DATE    2                        12    -10        0
  SINCE MAR 1      9                        81    -72       16
  SINCE JUL 1    845                       925    -80      396

 COOLING
  YESTERDAY       15                        13      2        9
  MONTH TO DATE  254                       260     -6      287
  SINCE MAR 1    531                       433     98      563
  SINCE JAN 1    665                       518    147      869
..................................................................


WIND (MPH)
  HIGHEST WIND SPEED    MM   HIGHEST WIND DIRECTION    MM
  HIGHEST GUST SPEED    MM   HIGHEST GUST DIRECTION    MM
  AVERAGE WIND SPEED    MM


SKY COVER
  POSSIBLE SUNSHINE  MM
  AVERAGE SKY COVER 0.3


WEATHER CONDITIONS
 THE FOLLOWING WEATHER WAS RECORDED YESTERDAY.
  NO SIGNIFICANT WEATHER WAS OBSERVED.


RELATIVE HUMIDITY (PERCENT)
 HIGHEST    78           600 AM
 LOWEST     32           800 PM

..........................................................


THE LAREDO CLIMATE NORMALS FOR TODAY
                         NORMAL    RECORD    YEAR
 MAXIMUM TEMPERATURE (F)   90       107      2011
 MINIMUM TEMPERATURE (F)   67        42      1913


SUNRISE AND SUNSET
APRIL 25 2018.........SUNRISE   704 AM CDT   SUNSET   808 PM CDT
APRIL 26 2018.........SUNRISE   703 AM CDT   SUNSET   809 PM CDT


-  INDICATES NEGATIVE NUMBERS.
R  INDICATES RECORD WAS SET OR TIED.
MM INDICATES DATA IS MISSING.
T  INDICATES TRACE AMOUNT.

$$

TMT
