000
CDUS45 KBYZ 230721
CLILVM


CLIMATE REPORT
NATIONAL WEATHER SERVICE BILLINGS MT
121 AM MDT MON APR 23 2018


...................................

...THE LIVINGSTON MT CLIMATE SUMMARY FOR APRIL 22 2018...

CLIMATE NORMAL PERIOD 1981 TO 2010
CLIMATE RECORD PERIOD 1948 TO 2018


WEATHER ITEM   OBSERVED TIME   RECORD YEAR NORMAL DEPARTURE LAST
                VALUE   (LST)  VALUE       VALUE  FROM      YEAR
                                                  NORMAL
..................................................................
TEMPERATURE (F)
 YESTERDAY
  MAXIMUM         65    409 PM  82    2012  57      8       61
  MINIMUM         31    546 AM  12    2013  30      1       34
  AVERAGE         48                        44      4       48

PRECIPITATION (IN)
  YESTERDAY        0.02          0.67 1976   0.06  -0.04     0.00
  MONTH TO DATE    1.57                      1.20   0.37     0.99
  SINCE OCT 1      6.85                      5.40   1.45     7.45
  SINCE JAN 1      3.81                      3.03   0.78     3.52

DEGREE DAYS
 HEATING
  YESTERDAY       17                        21     -4       17
  MONTH TO DATE  597                       528     69      456
  SINCE MAR 1   1504                      1439     65     1175
  SINCE JUL 1   6824                      6787     37     6401

 COOLING
  YESTERDAY        0                         0      0        0
  MONTH TO DATE    0                         0      0        0
  SINCE MAR 1      0                         0      0        0
  SINCE JAN 1      0                         0      0        0
..................................................................


WIND (MPH)
  HIGHEST WIND SPEED    21   HIGHEST WIND DIRECTION    NE (30)
  HIGHEST GUST SPEED    26   HIGHEST GUST DIRECTION    NE (40)
  AVERAGE WIND SPEED     7.5


SKY COVER
  POSSIBLE SUNSHINE  MM
  AVERAGE SKY COVER 0.6


WEATHER CONDITIONS
 THE FOLLOWING WEATHER WAS RECORDED YESTERDAY.
  LIGHT RAIN


RELATIVE HUMIDITY (PERCENT)
 HIGHEST    76           900 PM
 LOWEST     28           400 PM
 AVERAGE    52

..........................................................


THE LIVINGSTON MT CLIMATE NORMALS FOR TODAY
                         NORMAL    RECORD    YEAR
 MAXIMUM TEMPERATURE (F)   57        86      2012
 MINIMUM TEMPERATURE (F)   30        12      2013


SUNRISE AND SUNSET
APRIL 23 2018.........SUNRISE   622 AM MDT   SUNSET   819 PM MDT
APRIL 24 2018.........SUNRISE   620 AM MDT   SUNSET   820 PM MDT


-  INDICATES NEGATIVE NUMBERS.
R  INDICATES RECORD WAS SET OR TIED.
MM INDICATES DATA IS MISSING.
T  INDICATES TRACE AMOUNT.




$$
