000
CDUS43 KILX 202135
CLILWV


CLIMATE REPORT
NATIONAL WEATHER SERVICE LINCOLN IL
434 PM CDT FRI APR 20 2018


...................................

...THE LAWRENCEVILLE IL AIRPORT CLIMATE SUMMARY FOR APRIL 20 2018...
VALID TODAY AS OF 0400 PM LOCAL TIME.

CLIMATE NORMAL PERIOD 1981 TO 2010
CLIMATE RECORD PERIOD 9999 TO 9999


WEATHER ITEM   OBSERVED TIME   RECORD YEAR NORMAL DEPARTURE LAST
                VALUE   (LST)  VALUE       VALUE  FROM      YEAR
                                                  NORMAL
..................................................................
TEMPERATURE (F)
 TODAY
  MAXIMUM         66    231 PM  MM      MM  68     -2       81
  MINIMUM         35    515 AM  MM      MM  47    -12       61
  AVERAGE         51                        58     -7       71

PRECIPITATION (IN)
  TODAY            0.00         MM      MM   0.13  -0.13     0.16
  MONTH TO DATE    2.33                      2.35  -0.02     1.69
  SINCE MAR 1      7.49                      5.78   1.71     4.52
  SINCE JAN 1     15.58                     10.17   5.41     8.67

DEGREE DAYS
 HEATING
  TODAY           14                         8      6        0
  MONTH TO DATE  373                       230    143      116
  SINCE MAR 1   1054                       852    202      681
  SINCE JUL 1   4668                      4527    141     3736

 COOLING
  TODAY            0                         1     -1        6
  MONTH TO DATE    2                        14    -12       31
  SINCE MAR 1      2                        16    -14       33
  SINCE JAN 1      3                        16    -13       33
..................................................................


WIND (MPH)
  HIGHEST WIND SPEED    16   HIGHEST WIND DIRECTION    NE (60)
  HIGHEST GUST SPEED    20   HIGHEST GUST DIRECTION     E (90)
  AVERAGE WIND SPEED     8.9


SKY COVER
  POSSIBLE SUNSHINE  MM
  AVERAGE SKY COVER 0.0


WEATHER CONDITIONS
 THE FOLLOWING WEATHER WAS RECORDED TODAY.
  NO SIGNIFICANT WEATHER WAS OBSERVED.


RELATIVE HUMIDITY (PERCENT)
 HIGHEST    56           300 AM
 LOWEST     16           200 PM
 AVERAGE    36

..........................................................


THE LAWRENCEVILLE IL AIRPORT CLIMATE NORMALS FOR TOMORROW
                         NORMAL    RECORD    YEAR
 MAXIMUM TEMPERATURE (F)   69        MM        MM
 MINIMUM TEMPERATURE (F)   48        MM        MM


SUNRISE AND SUNSET
APRIL 20 2018.........SUNRISE   607 AM CDT   SUNSET   732 PM CDT
APRIL 21 2018.........SUNRISE   606 AM CDT   SUNSET   733 PM CDT


-  INDICATES NEGATIVE NUMBERS.
R  INDICATES RECORD WAS SET OR TIED.
MM INDICATES DATA IS MISSING.
T  INDICATES TRACE AMOUNT.




$$
