000
CDUS44 KMAF 222112
CLIMAF


CLIMATE REPORT
NATIONAL WEATHER SERVICE MIDLAND TX
411 PM CDT SUN APR 22 2018


...................................

...THE MIDLAND CLIMATE SUMMARY FOR APRIL 22 2018...
VALID TODAY AS OF 0400 PM LOCAL TIME.

CLIMATE NORMAL PERIOD 1981 TO 2010
CLIMATE RECORD PERIOD 1930 TO 2018


WEATHER ITEM   OBSERVED TIME   RECORD YEAR NORMAL DEPARTURE LAST
                VALUE   (LST)  VALUE       VALUE  FROM      YEAR
                                                  NORMAL
..................................................................
TEMPERATURE (F)
 TODAY
  MAXIMUM         73    250 PM 100    1989  81     -8       68
  MINIMUM         42    615 AM  36    1931  51     -9       50
  AVERAGE         58                        66     -8       59

PRECIPITATION (IN)
  TODAY            0.00          0.53 1932   0.02  -0.02     0.00
  MONTH TO DATE    0.00                      0.46  -0.46     2.48
  SINCE MAR 1      0.11                      1.06  -0.95     2.96
  SINCE JAN 1      0.16                      2.33  -2.17     4.80

SNOWFALL (IN)
  TODAY            0.0
  MONTH TO DATE    0.0
  SINCE MAR 1      0.0
  SINCE JUL 1      T
  SNOW DEPTH       0

DEGREE DAYS
 HEATING
  TODAY            7                         2      5        6
  MONTH TO DATE   65                        97    -32       39
  SINCE MAR 1    214                       404   -190      155
  SINCE JUL 1   2145                      2641   -496     1655

 COOLING
  TODAY            0                         4     -4        0
  MONTH TO DATE   58                        53      5      105
  SINCE MAR 1    126                        69     57      213
  SINCE JAN 1    133                        71     62      230
..................................................................


WIND (MPH)
  HIGHEST WIND SPEED    10   HIGHEST WIND DIRECTION    NE (40)
  HIGHEST GUST SPEED    MM   HIGHEST GUST DIRECTION    MM
  AVERAGE WIND SPEED     6.8


SKY COVER
  POSSIBLE SUNSHINE  MM
  AVERAGE SKY COVER 0.0


WEATHER CONDITIONS
 THE FOLLOWING WEATHER WAS RECORDED TODAY.
  NO SIGNIFICANT WEATHER WAS OBSERVED.


RELATIVE HUMIDITY (PERCENT)
 HIGHEST    89           600 AM
 LOWEST     27           300 PM
 AVERAGE    58

..........................................................


THE MIDLAND CLIMATE NORMALS FOR TOMORROW
                         NORMAL    RECORD    YEAR
 MAXIMUM TEMPERATURE (F)   81        98      1989
 MINIMUM TEMPERATURE (F)   52        33      1995


SUNRISE AND SUNSET
APRIL 22 2018.........SUNRISE   712 AM CDT   SUNSET   823 PM CDT
APRIL 23 2018.........SUNRISE   711 AM CDT   SUNSET   824 PM CDT


-  INDICATES NEGATIVE NUMBERS.
R  INDICATES RECORD WAS SET OR TIED.
MM INDICATES DATA IS MISSING.
T  INDICATES TRACE AMOUNT.




$$
