000
CDUS42 KTAE 260634
CLIMAI


CLIMATE REPORT
NATIONAL WEATHER SERVICE TALLAHASSEE FL
231 AM EDT THU APR 26 2018


...................................

...THE MARIANNA CLIMATE SUMMARY FOR APRIL 25 2018...

CLIMATE NORMAL PERIOD 1981 TO 2010
CLIMATE RECORD PERIOD 1950 TO 2018


WEATHER ITEM   OBSERVED NORMAL DEPARTURE LAST
                VALUE   VALUE  FROM      YEAR
                               NORMAL
...............................................
TEMPERATURE (F)
 YESTERDAY
  MAXIMUM         80     82     -2       83
  MINIMUM         55     56     -1       52
  AVERAGE         68     69     -1       68

PRECIPITATION (IN)
  YESTERDAY        0.00   0.07  -0.07     0.00
  MONTH TO DATE    2.17   3.42  -1.25     2.03
  SINCE MAR 1      6.25   8.96  -2.71     4.11
  SINCE JAN 1     20.39  18.94   1.45    14.51

DEGREE DAYS
 HEATING
  YESTERDAY        0            -1
  MONTH TO DATE   42           -17
  SINCE MAR 1    226           -13
  SINCE JUL 1   1365          -279

 COOLING
  YESTERDAY        3            -2
  MONTH TO DATE   62           -21
  SINCE MAR 1    108            -7
  SINCE JAN 1    216            86
...............................................


WIND (MPH)
  HIGHEST WIND SPEED    15   HIGHEST WIND DIRECTION    NW (310)
  HIGHEST GUST SPEED    20   HIGHEST GUST DIRECTION    NW (300)
  AVERAGE WIND SPEED     6.5




RELATIVE HUMIDITY (PERCENT)
 HIGHEST    93
 LOWEST     42
 AVERAGE    68

..........................................................




SUNRISE AND SUNSET
APRIL 26 2018.........SUNRISE   601 AM CDT   SUNSET   716 PM CDT
APRIL 27 2018.........SUNRISE   600 AM CDT   SUNSET   717 PM CDT


-  INDICATES NEGATIVE NUMBERS.
R  INDICATES RECORD WAS SET OR TIED.
MM INDICATES DATA IS MISSING.
T  INDICATES TRACE AMOUNT.




$$
