250
CDUS43 KABR 220623
CLIMBG


CLIMATE REPORT
NATIONAL WEATHER SERVICE ABERDEEN SD
122 AM CDT SUN APR 22 2018


...................................

...THE MOBRIDGE SD CLIMATE SUMMARY FOR APRIL 21 2018...

CLIMATE NORMAL PERIOD 1981 TO 2010
CLIMATE RECORD PERIOD 1911 TO 2018


WEATHER ITEM   OBSERVED TIME   RECORD YEAR NORMAL DEPARTURE LAST
                VALUE   (LST)  VALUE       VALUE  FROM      YEAR
                                                  NORMAL
..................................................................
TEMPERATURE (F)
 YESTERDAY
  MAXIMUM         59    239 PM  95    1980  61     -2       64
  MINIMUM         38   1159 PM  16    1927  35      3       32
  AVERAGE         49                        48      1       48

PRECIPITATION (IN)
  YESTERDAY        0.00          1.11 1968   0.06  -0.06     0.00
  MONTH TO DATE    0.94                      0.86   0.08     0.48
  SINCE MAR 1      1.88                      1.76   0.12     1.10
  SINCE JAN 1      2.89                      2.49   0.40     1.86

SNOWFALL (IN)
  YESTERDAY        0.0
  MONTH TO DATE    8.8
  SINCE OCT 1     48.4
  SINCE JUL 1     48.4
  SNOW DEPTH       0

DEGREE DAYS
 HEATING
  YESTERDAY       16                        17     -1       17
  MONTH TO DATE  707                       454    253      344
  SINCE MAR 1   1810                      1481    329     1279
  SINCE JUL 1   7680                      7456    224     6716

 COOLING
  YESTERDAY        0                         0      0        0
  MONTH TO DATE    0                         0      0        0
  SINCE MAR 1      0                         0      0        0
  SINCE JAN 1      0                         0      0        0
..................................................................


WIND (MPH)
  HIGHEST WIND SPEED    28   HIGHEST WIND DIRECTION     S (170)
  HIGHEST GUST SPEED    34   HIGHEST GUST DIRECTION     S (160)
  AVERAGE WIND SPEED    12.8


SKY COVER
  POSSIBLE SUNSHINE  MM
  AVERAGE SKY COVER 0.5


WEATHER CONDITIONS
 THE FOLLOWING WEATHER WAS RECORDED YESTERDAY.
  NO SIGNIFICANT WEATHER WAS OBSERVED.


RELATIVE HUMIDITY (PERCENT)
 HIGHEST    89           700 AM
 LOWEST     43           300 PM
 AVERAGE    66

..........................................................


THE MOBRIDGE SD CLIMATE NORMALS FOR TODAY
                         NORMAL    RECORD    YEAR
 MAXIMUM TEMPERATURE (F)   61        93      1990
 MINIMUM TEMPERATURE (F)   35        14      1927


SUNRISE AND SUNSET
APRIL 22 2018.........SUNRISE   644 AM CDT   SUNSET   837 PM CDT
APRIL 23 2018.........SUNRISE   642 AM CDT   SUNSET   838 PM CDT


-  INDICATES NEGATIVE NUMBERS.
R  INDICATES RECORD WAS SET OR TIED.
MM INDICATES DATA IS MISSING.
T  INDICATES TRACE AMOUNT.




$$
