000
CDUS43 KDTX 210535
CLIMBS


CLIMATE REPORT
NATIONAL WEATHER SERVICE DETROIT/PONTIAC MI
135 AM EDT MON MAY 21 2018


...................................

...THE TRI CITIES MI CLIMATE SUMMARY FOR MAY 20 2018...

CLIMATE NORMAL PERIOD 1981 TO 2010
CLIMATE RECORD PERIOD 1898 TO 2018


WEATHER ITEM   OBSERVED TIME   NORMAL DEPARTURE LAST
                VALUE   (LST)  VALUE  FROM      YEAR
                                      NORMAL
......................................................
TEMPERATURE (F)
 YESTERDAY
  MAXIMUM         61    557 PM  69     -8       66
  MINIMUM         49   1159 PM  48      1       46
  AVERAGE         55            59     -4

PRECIPITATION (IN)
  YESTERDAY        0.00          0.12  -0.12
  MONTH TO DATE    2.85          2.21   0.64
  SINCE MAR 1      6.08          7.16  -1.08
  SINCE JAN 1     10.01         10.48  -0.47

SNOWFALL (IN)
  YESTERDAY        0.0           0.0    0.0      0.0
  MONTH TO DATE    0.0           0.0    0.0      0.0
  SINCE MAR 1     10.3           8.1    2.2      7.5
  SINCE JUL 1     41.4          41.5   -0.1     37.4
  SNOW DEPTH       0

DEGREE DAYS
 HEATING
  YESTERDAY       10                    2
  MONTH TO DATE  121                  -86
  SINCE MAR 1   1890                  142
  SINCE JUL 1   6746                 -101

 COOLING
  YESTERDAY        0                   -1
  MONTH TO DATE   19                    7
  SINCE MAR 1     19                    3
  SINCE JAN 1     19                    3
......................................................


WIND (MPH)
  HIGHEST WIND SPEED    16   HIGHEST WIND DIRECTION     N (340)
  HIGHEST GUST SPEED    19   HIGHEST GUST DIRECTION     N (340)
  AVERAGE WIND SPEED     6.8



WEATHER CONDITIONS
 THE FOLLOWING WEATHER WAS RECORDED YESTERDAY.
  NO SIGNIFICANT WEATHER WAS OBSERVED.


RELATIVE HUMIDITY (PERCENT)
 HIGHEST    93
 LOWEST     64
 AVERAGE    79

..........................................................


THE TRI CITIES MI CLIMATE NORMALS FOR TODAY
                         NORMAL
 MAXIMUM TEMPERATURE (F)   70
 MINIMUM TEMPERATURE (F)   48


SUNRISE AND SUNSET
MAY 21 2018...........SUNRISE   606 AM EDT   SUNSET   901 PM EDT
MAY 22 2018...........SUNRISE   605 AM EDT   SUNSET   902 PM EDT


-  INDICATES NEGATIVE NUMBERS.
R  INDICATES RECORD WAS SET OR TIED.
MM INDICATES DATA IS MISSING.
T  INDICATES TRACE AMOUNT.




$$
