000
CDAK49 PAFG 210942
CLIMCG

CLIMATE REPORT
NATIONAL WEATHER SERVICE FAIRBANKS AK
142 AM AKDT MON MAY 21 2018


...................................

...THE MCGRATH AK CLIMATE SUMMARY FOR MAY 20 2018...

CLIMATE NORMAL PERIOD 1981 TO 2010
CLIMATE RECORD PERIOD 1946 TO 2018


WEATHER ITEM   OBSERVED TIME   RECORD YEAR NORMAL DEPARTURE LAST
                VALUE   (LST)  VALUE       VALUE  FROM      YEAR
                                                  NORMAL
..................................................................
TEMPERATURE (F)
 YESTERDAY
  MAXIMUM         64    513 PM  81    2002  59      5       63
  MINIMUM         37    533 AM  27    2013  38     -1       34
                                      1977
  AVERAGE         51                        48      3       49

PRECIPITATION (IN)
  YESTERDAY       MM             0.66 1944   0.03  MM        0.01
  MONTH TO DATE    0.15                      0.65  -0.50     0.14
  SINCE MAR 1      2.75                      2.20   0.55     0.52
  SINCE JAN 1      4.43                      4.23   0.20     1.72

SNOWFALL (IN)
  YESTERDAY       MM             0.2  1964   0.0   MM        0.0
  MONTH TO DATE    T                         0.8   -0.8      0.0
  SINCE MAR 1     21.0                      17.2    3.8      2.6
  SINCE JUL 1     83.5                      97.2  -13.7     51.3
  SNOW DEPTH       0

DEGREE DAYS
 HEATING
  YESTERDAY       14                        17     -3       16
  MONTH TO DATE  410                       409      1      302
  SINCE MAR 1   2805                      3123   -318     3075
  SINCE JUL 1  11307                     13355  -2048    12833

 COOLING
  YESTERDAY        0                         0      0        0
  MONTH TO DATE    0                         0      0        0
  SINCE MAR 1      0                         0      0        0
  SINCE JAN 1      0                         0      0        0
..................................................................


WIND (MPH)
  HIGHEST GUST SPEED    25   HIGHEST GUST DIRECTION     E (90)


SKY COVER
  AVERAGE SKY COVER 0.5


WEATHER CONDITIONS
 THE FOLLOWING WEATHER WAS RECORDED YESTERDAY.
  NO SIGNIFICANT WEATHER WAS OBSERVED.


RELATIVE HUMIDITY (PERCENT)
 HIGHEST   100
 LOWEST     27
 AVERAGE    64

..........................................................


THE MCGRATH AK CLIMATE NORMALS FOR TODAY
                         NORMAL    RECORD    YEAR
 MAXIMUM TEMPERATURE (F)   60        81      2002
 MINIMUM TEMPERATURE (F)   38        24      1986


SUNRISE AND SUNSET
MAY 21 2018...........SUNRISE   503 AM AKDT  SUNSET  1138 PM AKDT
MAY 22 2018...........SUNRISE   500 AM AKDT  SUNSET  1141 PM AKDT

-  INDICATES NEGATIVE NUMBERS.
R  INDICATES RECORD WAS SET OR TIED.
MM INDICATES DATA IS MISSING.
T  INDICATES TRACE AMOUNT.

&&

SNOW DEPTH IS MEASURED AT 3AM AKST/4AM AKDT.

----------------------------
AVAILABLE DAYLIGHT

AMOUNT OF DAYLIGHT TODAY  (HOUR:MIN)........18:35
GAIN/LOSS SINCE YESTERDAY (HOUR:MIN:SEC)....+0:05:31

$$
THR MAY 18
