000
CDUS42 KFFC 260820
CLIMCN


CLIMATE REPORT
NATIONAL WEATHER SERVICE PEACHTREE CITY GA
419 AM EDT SAT MAY 26 2018


...................................

...THE MACON CLIMATE SUMMARY FOR MAY 25 2018...

CLIMATE NORMAL PERIOD 1981 TO 2010
CLIMATE RECORD PERIOD 1899 TO 2018


WEATHER ITEM   OBSERVED TIME   RECORD YEAR NORMAL DEPARTURE LAST
                VALUE   (LST)  VALUE       VALUE  FROM      YEAR
                                                  NORMAL
..................................................................
TEMPERATURE (F)
 YESTERDAY
  MAXIMUM         82    438 PM  97    2000  87     -5       76
                                      1960
                                      1953
  MINIMUM         71    547 PM  49    2013  62      9       57
                                      1979
  AVERAGE         77                        74      3       67

PRECIPITATION (IN)
  YESTERDAY        1.20          1.48 1959   0.10   1.10     0.00
  MONTH TO DATE    5.40                      2.07   3.33     6.07
  SINCE MAR 1     13.04                      9.58   3.46    10.53
  SINCE JAN 1     18.67                     18.18   0.49    23.73

DEGREE DAYS
 HEATING
  YESTERDAY        0                         0      0        0
  MONTH TO DATE    1                        11    -10       15
  SINCE MAR 1    425                       393     32      293
  SINCE JUL 1   2076                      2318   -242     1480

 COOLING
  YESTERDAY       12                        10      2        2
  MONTH TO DATE  232                       165     67      168
  SINCE MAR 1    276                       246     30      368
  SINCE JAN 1    327                       249     78      379
..................................................................


WIND (MPH)
  RESULTANT WIND SPEED   3   RESULTANT WIND DIRECTION  SE (120)
  HIGHEST WIND SPEED    16   HIGHEST WIND DIRECTION     S (190)
  HIGHEST GUST SPEED    20   HIGHEST GUST DIRECTION     S (190)
  AVERAGE WIND SPEED     4.2


SKY COVER
  AVERAGE SKY COVER 0.8


WEATHER CONDITIONS
 THE FOLLOWING WEATHER WAS RECORDED YESTERDAY.
  THUNDERSTORM
  HEAVY RAIN
  RAIN
  LIGHT RAIN
  FOG


RELATIVE HUMIDITY (PERCENT)
 HIGHEST   100          1200 AM
 LOWEST     79           100 PM
 AVERAGE    90

..........................................................


THE MACON CLIMATE NORMALS FOR TODAY
                         NORMAL    RECORD    YEAR
 MAXIMUM TEMPERATURE (F)   87        98      1962
 MINIMUM TEMPERATURE (F)   63        49      1979


SUNRISE AND SUNSET
MAY 26 2018...........SUNRISE   630 AM EDT   SUNSET   834 PM EDT
MAY 27 2018...........SUNRISE   629 AM EDT   SUNSET   835 PM EDT


-  INDICATES NEGATIVE NUMBERS.
R  INDICATES RECORD WAS SET OR TIED.
MM INDICATES DATA IS MISSING.
T  INDICATES TRACE AMOUNT.




$$
