000
CDUS42 KMLB 252024
CLIMCO


CLIMATE REPORT
NATIONAL WEATHER SERVICE MELBOURNE FL
424 PM EDT FRI MAY 25 2018


...................................

...THE ORLANDO  CLIMATE SUMMARY FOR MAY 25 2018...
VALID TODAY AS OF 0400 PM LOCAL TIME.

CLIMATE NORMAL PERIOD 1981 TO 2010
CLIMATE RECORD PERIOD 1892 TO 2018


WEATHER ITEM   OBSERVED TIME   RECORD YEAR NORMAL DEPARTURE LAST
                VALUE   (LST)  VALUE       VALUE  FROM      YEAR
                                                  NORMAL
..................................................................
TEMPERATURE (F)
 TODAY
  MAXIMUM         88    101 PM  98    1962  90     -2       86
  MINIMUM         71    409 AM  53    1931  69      2       66
  AVERAGE         80                        79      1       76

PRECIPITATION (IN)
  TODAY            T             1.52 2001   0.15  -0.15      T
  MONTH TO DATE    5.49                      2.41   3.08     2.08
  SINCE MAR 1      8.46                      8.86  -0.40     2.18
  SINCE JAN 1     10.92                     13.59  -2.67     5.11

SNOWFALL (IN)
  TODAY            0.0
  MONTH TO DATE    0.0
  SINCE MAR 1      0.0
  SINCE JUL 1      0.0

DEGREE DAYS
 HEATING
  TODAY            0                         0      0        0
  MONTH TO DATE    0                         0      0        0
  SINCE MAR 1     83                        71     12       40
  SINCE JUL 1    467                       570   -103      209

 COOLING
  TODAY           15                        14      1       11
  MONTH TO DATE  297                       293      4      301
  SINCE MAR 1    638                       610     28      754
  SINCE JAN 1    885                       714    171      955
..................................................................


WIND (MPH)
  HIGHEST WIND SPEED    28   HIGHEST WIND DIRECTION    SE (140)
  HIGHEST GUST SPEED    32   HIGHEST GUST DIRECTION    SE (140)
  AVERAGE WIND SPEED     6.9


SKY COVER
  AVERAGE SKY COVER 0.7


WEATHER CONDITIONS
 THE FOLLOWING WEATHER WAS RECORDED TODAY.
  LIGHT RAIN
  HAZE


RELATIVE HUMIDITY (PERCENT)
 HIGHEST   100           200 AM
 LOWEST     55           100 PM
 AVERAGE    78

..........................................................


THE ORLANDO  CLIMATE NORMALS FOR TOMORROW
                         NORMAL    RECORD    YEAR
 MAXIMUM TEMPERATURE (F)   90        99      1953
 MINIMUM TEMPERATURE (F)   69        54      1931


SUNRISE AND SUNSET
MAY 25 2018...........SUNRISE   630 AM EDT   SUNSET   815 PM EDT
MAY 26 2018...........SUNRISE   630 AM EDT   SUNSET   815 PM EDT


-  INDICATES NEGATIVE NUMBERS.
R  INDICATES RECORD WAS SET OR TIED.
MM INDICATES DATA IS MISSING.
T  INDICATES TRACE AMOUNT.




$$
